{"id":7341,"date":"2020-09-08T19:33:59","date_gmt":"2020-09-08T18:33:59","guid":{"rendered":"http:\/\/www.donhighend.de\/?page_id=7341"},"modified":"2025-09-09T10:26:07","modified_gmt":"2025-09-09T09:26:07","slug":"winter-blues","status":"publish","type":"page","link":"https:\/\/www.donhighend.de\/?page_id=7341","title":{"rendered":"Winter Blues"},"content":{"rendered":"<p><img loading=\"lazy\" decoding=\"async\" class=\"aligncenter size-full wp-image-11519\" src=\"https:\/\/www.donhighend.de\/wp-content\/uploads\/2025\/09\/Titelbild-2.jpg\" alt=\"\" width=\"480\" height=\"640\" srcset=\"https:\/\/www.donhighend.de\/wp-content\/uploads\/2025\/09\/Titelbild-2.jpg 480w, https:\/\/www.donhighend.de\/wp-content\/uploads\/2025\/09\/Titelbild-2-225x300.jpg 225w\" sizes=\"auto, (max-width: 480px) 100vw, 480px\" \/><\/p>\n<p style=\"text-align: justify;\">W\u00e4hrend des 11. D. A. U. Treffens im Februar 2020 hatten wir uns die Entwicklung eines kleinen Kompaktlautsprechers auf die Fahne geschrieben, der es faustdick hinter den Ohren hat. Aus gerade einmal 9 Litern zaubert unsere <span style=\"color: #0000ff;\"><a style=\"color: #0000ff;\" href=\"https:\/\/www.der-akustische-untergrund.de\/speakers\/intermediate-projects\/winter-blues\/\" target=\"_blank\" rel=\"noopener noreferrer\">&#8222;Winter Blues&#8220;<\/a><\/span> 50 Hz, einen linearen Frequenzgang bei sehr ordentlichem Abstrahlverhalten und satte 87dB Bezugspegel. Dass das kleine B\u00f6xlein auch noch unversch\u00e4mt preiswert und ziemlich pegelfest ist, k\u00f6nnen sie im entsprechenden <span style=\"color: #0000ff;\"><a style=\"color: #0000ff;\" href=\"https:\/\/www.der-akustische-untergrund.de\/speakers\/intermediate-projects\/winter-blues\/\" target=\"_blank\" rel=\"noopener noreferrer\">Artikel<\/a><\/span> auf der Website des D. A. U. nachlesen.<\/p>\n<p>Viel Spa\u00df&#8230; \ud83d\ude42<\/p>\n","protected":false},"excerpt":{"rendered":"<p>W\u00e4hrend des 11. D. A. U. Treffens im Februar 2020 hatten wir uns die Entwicklung eines kleinen Kompaktlautsprechers auf die Fahne geschrieben, der es faustdick hinter den Ohren hat. Aus gerade einmal 9 Litern zaubert unsere &#8222;Winter Blues&#8220; 50 Hz, einen linearen Frequenzgang bei sehr ordentlichem Abstrahlverhalten und satte 87dB Bezugspegel. Dass das kleine B\u00f6xlein &hellip; <\/p>\n<p><a class=\"more-link btn\" href=\"https:\/\/www.donhighend.de\/?page_id=7341\">Weiterlesen<\/a><\/p>\n","protected":false},"author":1,"featured_media":11519,"parent":3466,"menu_order":96,"comment_status":"open","ping_status":"closed","template":"","meta":{"footnotes":""},"class_list":["post-7341","page","type-page","status-publish","has-post-thumbnail","hentry","nodate","item-wrap"],"_links":{"self":[{"href":"https:\/\/www.donhighend.de\/index.php?rest_route=\/wp\/v2\/pages\/7341","targetHints":{"allow":["GET"]}}],"collection":[{"href":"https:\/\/www.donhighend.de\/index.php?rest_route=\/wp\/v2\/pages"}],"about":[{"href":"https:\/\/www.donhighend.de\/index.php?rest_route=\/wp\/v2\/types\/page"}],"author":[{"embeddable":true,"href":"https:\/\/www.donhighend.de\/index.php?rest_route=\/wp\/v2\/users\/1"}],"replies":[{"embeddable":true,"href":"https:\/\/www.donhighend.de\/index.php?rest_route=%2Fwp%2Fv2%2Fcomments&post=7341"}],"version-history":[{"count":8,"href":"https:\/\/www.donhighend.de\/index.php?rest_route=\/wp\/v2\/pages\/7341\/revisions"}],"predecessor-version":[{"id":11520,"href":"https:\/\/www.donhighend.de\/index.php?rest_route=\/wp\/v2\/pages\/7341\/revisions\/11520"}],"up":[{"embeddable":true,"href":"https:\/\/www.donhighend.de\/index.php?rest_route=\/wp\/v2\/pages\/3466"}],"wp:featuredmedia":[{"embeddable":true,"href":"https:\/\/www.donhighend.de\/index.php?rest_route=\/wp\/v2\/media\/11519"}],"wp:attachment":[{"href":"https:\/\/www.donhighend.de\/index.php?rest_route=%2Fwp%2Fv2%2Fmedia&parent=7341"}],"curies":[{"name":"wp","href":"https:\/\/api.w.org\/{rel}","templated":true}]}}