{"id":6762,"date":"2020-05-23T15:35:43","date_gmt":"2020-05-23T14:35:43","guid":{"rendered":"http:\/\/www.donhighend.de\/?page_id=6762"},"modified":"2025-09-07T15:18:06","modified_gmt":"2025-09-07T14:18:06","slug":"italian-pony","status":"publish","type":"page","link":"https:\/\/www.donhighend.de\/?page_id=6762","title":{"rendered":"Italian Pony"},"content":{"rendered":"<p><img loading=\"lazy\" decoding=\"async\" class=\"aligncenter size-full wp-image-11486\" src=\"https:\/\/www.donhighend.de\/wp-content\/uploads\/2025\/09\/Titelbild-neu-2.jpg\" alt=\"\" width=\"480\" height=\"640\" srcset=\"https:\/\/www.donhighend.de\/wp-content\/uploads\/2025\/09\/Titelbild-neu-2.jpg 480w, https:\/\/www.donhighend.de\/wp-content\/uploads\/2025\/09\/Titelbild-neu-2-225x300.jpg 225w\" sizes=\"auto, (max-width: 480px) 100vw, 480px\" \/><\/p>\n<p style=\"text-align: justify;\">Sehr h\u00e4ufig sind Heimkinofans an mich mit der Frage herangetreten, ob nicht irgendwann einmal etwas f\u00fcr ihre Vorlieben aus meinem Entwicklungsraum kommen w\u00fcrde. Nach reiflicher \u00dcberlegung und Durchforstung des Chassisangebotes diverser Hersteller habe ich mich dazu entschlossen, auf Basis der Italian Stallion eine kleine Lautsprecher Auswahl zu entwickeln, die den Aufbau eines ziemlich flexiblem Heimkinos erm\u00f6glicht. Den Anfang macht die kompakte Italian Pony, welche auf den inneren Werten ihrer gro\u00dfen Schwester\u00a0 Italian Stallion basiert.<\/p>\n<p style=\"text-align: center;\"><img loading=\"lazy\" decoding=\"async\" class=\"aligncenter size-full wp-image-5422\" src=\"https:\/\/www.donhighend.de\/wp-content\/uploads\/2018\/05\/6.5-H-1.5-CP.jpg\" alt=\"\" width=\"600\" height=\"600\" srcset=\"https:\/\/www.donhighend.de\/wp-content\/uploads\/2018\/05\/6.5-H-1.5-CP.jpg 600w, https:\/\/www.donhighend.de\/wp-content\/uploads\/2018\/05\/6.5-H-1.5-CP-150x150.jpg 150w, https:\/\/www.donhighend.de\/wp-content\/uploads\/2018\/05\/6.5-H-1.5-CP-300x300.jpg 300w\" sizes=\"auto, (max-width: 600px) 100vw, 600px\" \/>Sica 6.5H1.5CP<\/p>\n<p>&nbsp;<\/p>\n<p>TSP (Mittelwerte aus 4 Chassis):<\/p>\n<ul>\n<li>Fs: 48,48 Hz<\/li>\n<li>Re: 5,85 Ohm<\/li>\n<li>Sd: 141 cm\u00b2<\/li>\n<li>Qes: 0,585<\/li>\n<li>Qms: 4,05<\/li>\n<li>Qts: 0,515<\/li>\n<li>Le: 0,79 mH<\/li>\n<li>Mms: 14,485 Gr<\/li>\n<li>Cms: 750 \u00b5m\/N<\/li>\n<li>Rms: 1,06 Kg\/S<\/li>\n<li>Bl: 6,515 Tm<\/li>\n<li>Vas: 20,885 L<\/li>\n<li>Spl: 89,2 dB<\/li>\n<\/ul>\n<p>&nbsp;<\/p>\n<p style=\"text-align: justify;\">Der hervorragende Sica Tiefmittelt\u00f6ner <a href=\"https:\/\/sica.it\/prodotto\/6-5-h-1-5-cp\/\" target=\"_blank\" rel=\"noopener noreferrer\"><span style=\"color: #0000ff;\">6.5H1.5CP<\/span><\/a> vermag in einem nur 15 Liter kleinen GHP Geh\u00e4use die 50 Hz Marke zu knacken.<\/p>\n<p style=\"text-align: center;\"><img loading=\"lazy\" decoding=\"async\" class=\"aligncenter size-full wp-image-6772\" src=\"https:\/\/www.donhighend.de\/wp-content\/uploads\/2020\/05\/6.5H1.5CP-in-15-Litern-GHP.png\" alt=\"\" width=\"568\" height=\"419\" srcset=\"https:\/\/www.donhighend.de\/wp-content\/uploads\/2020\/05\/6.5H1.5CP-in-15-Litern-GHP.png 568w, https:\/\/www.donhighend.de\/wp-content\/uploads\/2020\/05\/6.5H1.5CP-in-15-Litern-GHP-300x221.png 300w\" sizes=\"auto, (max-width: 568px) 100vw, 568px\" \/>Sica 6.5H1.5CP in 15 Litern GHP<\/p>\n<p>&nbsp;<\/p>\n<p style=\"text-align: justify;\">Im Hochton wird der schmucke 6,5er durch die ebenfalls in der Italian Stallion bew\u00e4hrte Sica Kalotte\u00a0 <span style=\"color: #0000ff;\"><a style=\"color: #0000ff;\" href=\"https:\/\/sica.it\/prodotto\/lp-90-28-n92-tw\/\" target=\"_blank\" rel=\"noopener noreferrer\">LP90.28\/N92TW<\/a><\/span> erg\u00e4nzt.<\/p>\n<p style=\"text-align: center;\"><img loading=\"lazy\" decoding=\"async\" class=\"aligncenter size-full wp-image-5587\" src=\"https:\/\/www.donhighend.de\/wp-content\/uploads\/2018\/09\/LP90.28.jpg\" alt=\"\" width=\"500\" height=\"500\" srcset=\"https:\/\/www.donhighend.de\/wp-content\/uploads\/2018\/09\/LP90.28.jpg 500w, https:\/\/www.donhighend.de\/wp-content\/uploads\/2018\/09\/LP90.28-150x150.jpg 150w, https:\/\/www.donhighend.de\/wp-content\/uploads\/2018\/09\/LP90.28-300x300.jpg 300w\" sizes=\"auto, (max-width: 500px) 100vw, 500px\" \/>Sica LP90.28\/N92TW<\/p>\n<p>&nbsp;<\/p>\n<p style=\"text-align: justify;\">Um den Chassis weitgehend identische akustische Bedingungen wie in der Italian Stallion zu bieten, wurden sowohl die Geh\u00e4usebreite, der Abstand der Chassis von der Geh\u00e4useoberkante, sowie Gr\u00f6\u00dfe und Form der Fasen \u00fcbernommen. Lediglich die H\u00f6he und die Tiefe des Geh\u00e4uses wurden verringert. Folglich messen sich die unbeschalteten Chassis in der neuen Umgebung quasi identisch wie in der Italian Stallion.<\/p>\n<p style=\"text-align: center;\"><img loading=\"lazy\" decoding=\"async\" class=\"aligncenter size-full wp-image-6779\" src=\"https:\/\/www.donhighend.de\/wp-content\/uploads\/2020\/05\/6.5H1.5CP-in-IP-Geh\u00e4use-unbeschaltet.png\" alt=\"\" width=\"787\" height=\"514\" srcset=\"https:\/\/www.donhighend.de\/wp-content\/uploads\/2020\/05\/6.5H1.5CP-in-IP-Geh\u00e4use-unbeschaltet.png 787w, https:\/\/www.donhighend.de\/wp-content\/uploads\/2020\/05\/6.5H1.5CP-in-IP-Geh\u00e4use-unbeschaltet-300x196.png 300w, https:\/\/www.donhighend.de\/wp-content\/uploads\/2020\/05\/6.5H1.5CP-in-IP-Geh\u00e4use-unbeschaltet-768x502.png 768w, https:\/\/www.donhighend.de\/wp-content\/uploads\/2020\/05\/6.5H1.5CP-in-IP-Geh\u00e4use-unbeschaltet-750x490.png 750w\" sizes=\"auto, (max-width: 787px) 100vw, 787px\" \/>Sica 6.5H1.5CP unbeschaltet<\/p>\n<p>&nbsp;<\/p>\n<p style=\"text-align: center;\"><img loading=\"lazy\" decoding=\"async\" class=\"aligncenter size-full wp-image-6780\" src=\"https:\/\/www.donhighend.de\/wp-content\/uploads\/2020\/05\/LP90.28-in-IP-Geh\u00e4use-unbeschaltet.png\" alt=\"\" width=\"787\" height=\"515\" srcset=\"https:\/\/www.donhighend.de\/wp-content\/uploads\/2020\/05\/LP90.28-in-IP-Geh\u00e4use-unbeschaltet.png 787w, https:\/\/www.donhighend.de\/wp-content\/uploads\/2020\/05\/LP90.28-in-IP-Geh\u00e4use-unbeschaltet-300x196.png 300w, https:\/\/www.donhighend.de\/wp-content\/uploads\/2020\/05\/LP90.28-in-IP-Geh\u00e4use-unbeschaltet-768x503.png 768w, https:\/\/www.donhighend.de\/wp-content\/uploads\/2020\/05\/LP90.28-in-IP-Geh\u00e4use-unbeschaltet-750x491.png 750w\" sizes=\"auto, (max-width: 787px) 100vw, 787px\" \/>Sica LP90.28\/N92TW unbeschaltet<\/p>\n<p>&nbsp;<\/p>\n<p style=\"text-align: justify;\">Erfolgte in der Italian Stallion der Ausgleich des Baffle Steps durch einen zweiten 6.5H1.5CP, muss in der die Kompensierung in der kleinen Schwester \u00fcber die Frequenzweiche erfolgen. Dazu ist eine vollkommen neue Dimensionierung der Bauteile notwendig. Leider ist es nicht m\u00f6glich, Weichenzweige der Italian Stallion zu \u00fcbernehmen. Entsprechend wurden neue Simulationen angestellt, die recht schnell zu einem \u00fcberzeugenden Ergebnis bei vertretbarem Bauteileaufwand f\u00fchrten.<\/p>\n<p style=\"text-align: center;\"><img loading=\"lazy\" decoding=\"async\" class=\"aligncenter size-full wp-image-6783\" src=\"https:\/\/www.donhighend.de\/wp-content\/uploads\/2020\/05\/Simu-v5luft8.2.png\" alt=\"\" width=\"784\" height=\"516\" srcset=\"https:\/\/www.donhighend.de\/wp-content\/uploads\/2020\/05\/Simu-v5luft8.2.png 784w, https:\/\/www.donhighend.de\/wp-content\/uploads\/2020\/05\/Simu-v5luft8.2-300x197.png 300w, https:\/\/www.donhighend.de\/wp-content\/uploads\/2020\/05\/Simu-v5luft8.2-768x505.png 768w, https:\/\/www.donhighend.de\/wp-content\/uploads\/2020\/05\/Simu-v5luft8.2-750x494.png 750w\" sizes=\"auto, (max-width: 784px) 100vw, 784px\" \/>Italian Pony Simulation 0\u00b0 &#8211; 60\u00b0<\/p>\n<p>&nbsp;<\/p>\n<p>Nachdem die Weiche auf dem bew\u00e4hrten Steckbrett aufgebaut wurde konnten die Simulationsergebnisse problemlos verifiziert werden.<\/p>\n<p style=\"text-align: center;\"><img loading=\"lazy\" decoding=\"async\" class=\"aligncenter size-full wp-image-6785\" src=\"https:\/\/www.donhighend.de\/wp-content\/uploads\/2020\/05\/Italian-Pony-0\u00b0-60\u00b0.png\" alt=\"\" width=\"1000\" height=\"766\" srcset=\"https:\/\/www.donhighend.de\/wp-content\/uploads\/2020\/05\/Italian-Pony-0\u00b0-60\u00b0.png 1000w, https:\/\/www.donhighend.de\/wp-content\/uploads\/2020\/05\/Italian-Pony-0\u00b0-60\u00b0-300x230.png 300w, https:\/\/www.donhighend.de\/wp-content\/uploads\/2020\/05\/Italian-Pony-0\u00b0-60\u00b0-768x588.png 768w, https:\/\/www.donhighend.de\/wp-content\/uploads\/2020\/05\/Italian-Pony-0\u00b0-60\u00b0-750x575.png 750w\" sizes=\"auto, (max-width: 1000px) 100vw, 1000px\" \/>Italian Pony Messungen 0\u00b0 &#8211; 60\u00b0<\/p>\n<p>&nbsp;<\/p>\n<p style=\"text-align: justify;\">Erwartungsgem\u00e4\u00df decken sich Simulation und Messungen, was die Leistungsf\u00e4higkeit moderner Simulationssoftware eindrucksvoll unterstreicht.<\/p>\n<p style=\"text-align: center;\"><img loading=\"lazy\" decoding=\"async\" class=\"aligncenter size-full wp-image-6787\" src=\"https:\/\/www.donhighend.de\/wp-content\/uploads\/2020\/05\/Italian-Pony-0\u00b0-Zweige.png\" alt=\"\" width=\"1000\" height=\"742\" srcset=\"https:\/\/www.donhighend.de\/wp-content\/uploads\/2020\/05\/Italian-Pony-0\u00b0-Zweige.png 1000w, https:\/\/www.donhighend.de\/wp-content\/uploads\/2020\/05\/Italian-Pony-0\u00b0-Zweige-300x223.png 300w, https:\/\/www.donhighend.de\/wp-content\/uploads\/2020\/05\/Italian-Pony-0\u00b0-Zweige-768x570.png 768w, https:\/\/www.donhighend.de\/wp-content\/uploads\/2020\/05\/Italian-Pony-0\u00b0-Zweige-750x557.png 750w\" sizes=\"auto, (max-width: 1000px) 100vw, 1000px\" \/>Italian Pony 0\u00b0 mit Zweigen<\/p>\n<p>&nbsp;<\/p>\n<p style=\"text-align: center;\"><img loading=\"lazy\" decoding=\"async\" class=\"aligncenter size-full wp-image-6788\" src=\"https:\/\/www.donhighend.de\/wp-content\/uploads\/2020\/05\/Italian-Pony-0\u00b0-und-Impedanzverlauf.png\" alt=\"\" width=\"1000\" height=\"742\" srcset=\"https:\/\/www.donhighend.de\/wp-content\/uploads\/2020\/05\/Italian-Pony-0\u00b0-und-Impedanzverlauf.png 1000w, https:\/\/www.donhighend.de\/wp-content\/uploads\/2020\/05\/Italian-Pony-0\u00b0-und-Impedanzverlauf-300x223.png 300w, https:\/\/www.donhighend.de\/wp-content\/uploads\/2020\/05\/Italian-Pony-0\u00b0-und-Impedanzverlauf-768x570.png 768w, https:\/\/www.donhighend.de\/wp-content\/uploads\/2020\/05\/Italian-Pony-0\u00b0-und-Impedanzverlauf-750x557.png 750w\" sizes=\"auto, (max-width: 1000px) 100vw, 1000px\" \/>Italian Pony 0\u00b0 mit Impedanzverlauf<\/p>\n<p>&nbsp;<\/p>\n<p style=\"text-align: justify;\">Der Impedanzverlauf unterschreitet die 4 Ohm Marke im Bereich um 400 Hz nur minimal und stellt somit keinen Verst\u00e4rker vor nennenswerte Probleme.<\/p>\n<p><img loading=\"lazy\" decoding=\"async\" class=\"aligncenter size-full wp-image-7181\" src=\"https:\/\/www.donhighend.de\/wp-content\/uploads\/2020\/08\/Italian-Pony-Weiche-final.jpg\" alt=\"\" width=\"723\" height=\"530\" srcset=\"https:\/\/www.donhighend.de\/wp-content\/uploads\/2020\/08\/Italian-Pony-Weiche-final.jpg 723w, https:\/\/www.donhighend.de\/wp-content\/uploads\/2020\/08\/Italian-Pony-Weiche-final-300x220.jpg 300w\" sizes=\"auto, (max-width: 723px) 100vw, 723px\" \/><\/p>\n<p style=\"text-align: center;\">Italian Pony Weichenplan<\/p>\n<p>&nbsp;<\/p>\n<p style=\"text-align: center;\"><span class=\"col col_shortcode\"> <a class=\"maxbutton-13 maxbutton maxbutton-warenkorb-italian-pony\" target=\"_blank\" rel=\"noopener\" href=\"https:\/\/www.donhighend.de\/wp-content\/uploads\/2025\/01\/Warenkorb-Stand-05.01.25.pdf\" download=\"\"><span class='mb-text'>Warenkorb Italian Pony<\/span><\/a><\/span><\/p>\n<p style=\"text-align: center;\">Warenkorb f\u00fcr den Quint-Store (Preisstand 05.01.2025)<\/p>\n<p style=\"text-align: justify;\">Im Warenkorb befindet sich statt der im Weichenplan angegebenen 0,02mH Spule ein Exemplar mit 0,025mH. Diese Spule kann ohne weitere \u00c4nderung problemlos verwendet werden.<\/p>\n<p style=\"text-align: justify;\">Die erforderliche 0,02mH Spule ist fertig nur schwierig zu bekommen. Man kann sie aber problemlos selbst herstellen. Hierzu greift der Nachbauer zu einer 0,1mH Luftspule mit 0,7mm Draht des Herstellers Intertechnik und wickelt eine gewisse Anzahl an Windungen ab. Genau 54 Windungen m\u00fcssen abgewickelt werden, um den erforderlichen Wert von 0,02mH zu erhalten. Nach dem Abwickeln empfiehlt es sich, die auf dem Spulenk\u00f6rper verbleibenden Windungen durch einige Lagen Isolierband gegen weiteres, ungewolltes Abwickeln zu sch\u00fctzen.<\/p>\n<p style=\"text-align: justify;\">Im obigen Weichenplan ist der HPC bewusst nicht enthalten, da dieser die M\u00f6glichkeit zu kleinen Experimenten bietet. Es empfehlen sich Kondensatoren mit den Werten 390\u00b5F und 470\u00b5F. Auch mit der Einbauposition des Kondensators kann feinf\u00fchlig auf den Frequenzgang Einflu\u00df genommen werden. So kann der HPC wahlweise vor oder hinter dem RC-Glied f\u00fcr die Impedanzlinearisierung des Tiefmittelt\u00f6ners Platz finden. Die folgenden Simulationen zeigen die 4 M\u00f6glichkeiten mit den beiden oben genannten Werten.<\/p>\n<p style=\"text-align: center;\"><img loading=\"lazy\" decoding=\"async\" class=\"aligncenter size-full wp-image-6799\" src=\"https:\/\/www.donhighend.de\/wp-content\/uploads\/2020\/05\/HPC-390\u00b5F.jpg\" alt=\"\" width=\"823\" height=\"555\" srcset=\"https:\/\/www.donhighend.de\/wp-content\/uploads\/2020\/05\/HPC-390\u00b5F.jpg 823w, https:\/\/www.donhighend.de\/wp-content\/uploads\/2020\/05\/HPC-390\u00b5F-300x202.jpg 300w, https:\/\/www.donhighend.de\/wp-content\/uploads\/2020\/05\/HPC-390\u00b5F-768x518.jpg 768w, https:\/\/www.donhighend.de\/wp-content\/uploads\/2020\/05\/HPC-390\u00b5F-750x506.jpg 750w\" sizes=\"auto, (max-width: 823px) 100vw, 823px\" \/>Verhalten mit Kondensatorwert 390\u00b5F<\/p>\n<p>&nbsp;<\/p>\n<p style=\"text-align: center;\"><img loading=\"lazy\" decoding=\"async\" class=\"aligncenter size-full wp-image-6800\" src=\"https:\/\/www.donhighend.de\/wp-content\/uploads\/2020\/05\/HPC-470\u00b5F.jpg\" alt=\"\" width=\"824\" height=\"556\" srcset=\"https:\/\/www.donhighend.de\/wp-content\/uploads\/2020\/05\/HPC-470\u00b5F.jpg 824w, https:\/\/www.donhighend.de\/wp-content\/uploads\/2020\/05\/HPC-470\u00b5F-300x202.jpg 300w, https:\/\/www.donhighend.de\/wp-content\/uploads\/2020\/05\/HPC-470\u00b5F-768x518.jpg 768w, https:\/\/www.donhighend.de\/wp-content\/uploads\/2020\/05\/HPC-470\u00b5F-750x506.jpg 750w\" sizes=\"auto, (max-width: 824px) 100vw, 824px\" \/>Verhalten mit Kondensatorwert 470\u00b5F<\/p>\n<p>&nbsp;<\/p>\n<p>In meinem Aufbau befindet sich ein 390\u00b5F Kondensator vor dem RC-Glied.<\/p>\n<p style=\"text-align: justify;\">Im Zusammenhang mit dieser Variation des Bass- und Grundtonbereichs besteht zus\u00e4tzlich die M\u00f6gleichkeit, Einflu\u00df auf den Hochtonbereich zu nehmen. So f\u00fchrt die Erh\u00f6hung des Parallelwiderstands im Spannungsteiler des Hocht\u00f6ners zu minimal mehr Hochtonanteil. Die folgende Grafik verdeutlicht dies.<\/p>\n<p style=\"text-align: center;\"><img loading=\"lazy\" decoding=\"async\" class=\"aligncenter size-full wp-image-6801\" src=\"https:\/\/www.donhighend.de\/wp-content\/uploads\/2020\/05\/Parallel-R-10-Ohm-vs.-12-Ohm.jpg\" alt=\"\" width=\"822\" height=\"556\" srcset=\"https:\/\/www.donhighend.de\/wp-content\/uploads\/2020\/05\/Parallel-R-10-Ohm-vs.-12-Ohm.jpg 822w, https:\/\/www.donhighend.de\/wp-content\/uploads\/2020\/05\/Parallel-R-10-Ohm-vs.-12-Ohm-300x203.jpg 300w, https:\/\/www.donhighend.de\/wp-content\/uploads\/2020\/05\/Parallel-R-10-Ohm-vs.-12-Ohm-768x519.jpg 768w, https:\/\/www.donhighend.de\/wp-content\/uploads\/2020\/05\/Parallel-R-10-Ohm-vs.-12-Ohm-750x507.jpg 750w\" sizes=\"auto, (max-width: 822px) 100vw, 822px\" \/>Verhalten Hochton mit R (par) 10 Ohm vs. R (par) 12 Ohm<\/p>\n<p>&nbsp;<\/p>\n<p>In meinem Aufbau befindet sich ein 10 Ohm Widerstand im Spannungsteiler.<\/p>\n<p><img loading=\"lazy\" decoding=\"async\" class=\"aligncenter size-full wp-image-6809\" src=\"https:\/\/www.donhighend.de\/wp-content\/uploads\/2020\/05\/Bauplan-mit-Wasserzeichen.jpg\" alt=\"\" width=\"1600\" height=\"880\" srcset=\"https:\/\/www.donhighend.de\/wp-content\/uploads\/2020\/05\/Bauplan-mit-Wasserzeichen.jpg 1600w, https:\/\/www.donhighend.de\/wp-content\/uploads\/2020\/05\/Bauplan-mit-Wasserzeichen-300x165.jpg 300w, https:\/\/www.donhighend.de\/wp-content\/uploads\/2020\/05\/Bauplan-mit-Wasserzeichen-1024x563.jpg 1024w, https:\/\/www.donhighend.de\/wp-content\/uploads\/2020\/05\/Bauplan-mit-Wasserzeichen-768x422.jpg 768w, https:\/\/www.donhighend.de\/wp-content\/uploads\/2020\/05\/Bauplan-mit-Wasserzeichen-1536x845.jpg 1536w, https:\/\/www.donhighend.de\/wp-content\/uploads\/2020\/05\/Bauplan-mit-Wasserzeichen-750x413.jpg 750w\" sizes=\"auto, (max-width: 1600px) 100vw, 1600px\" \/><\/p>\n<p style=\"text-align: center;\">Bau- und Bed\u00e4mpfungsplan &#8222;Italian Pony&#8220; (vergr\u00f6\u00dfern -&gt; rechte Maustaste -&gt; Grafik anzeigen)<\/p>\n<p>&nbsp;<\/p>\n<p style=\"text-align: justify;\">Die Weichen- und Baupl\u00e4ne sind f\u00fcr private Nutzung freigegeben. Jegliche Form der gewerblichen Nutzung oder Verbreitung ohne vorherige Absprache ist untersagt und wird strafrechtlich verfolgt.<\/p>\n","protected":false},"excerpt":{"rendered":"<p>Sehr h\u00e4ufig sind Heimkinofans an mich mit der Frage herangetreten, ob nicht irgendwann einmal etwas f\u00fcr ihre Vorlieben aus meinem Entwicklungsraum kommen w\u00fcrde. Nach reiflicher \u00dcberlegung und Durchforstung des Chassisangebotes diverser Hersteller habe ich mich dazu entschlossen, auf Basis der Italian Stallion eine kleine Lautsprecher Auswahl zu entwickeln, die den Aufbau eines ziemlich flexiblem Heimkinos &hellip; <\/p>\n<p><a class=\"more-link btn\" href=\"https:\/\/www.donhighend.de\/?page_id=6762\">Weiterlesen<\/a><\/p>\n","protected":false},"author":1,"featured_media":11486,"parent":4401,"menu_order":963,"comment_status":"open","ping_status":"closed","template":"","meta":{"footnotes":""},"class_list":["post-6762","page","type-page","status-publish","has-post-thumbnail","hentry","nodate","item-wrap"],"_links":{"self":[{"href":"https:\/\/www.donhighend.de\/index.php?rest_route=\/wp\/v2\/pages\/6762","targetHints":{"allow":["GET"]}}],"collection":[{"href":"https:\/\/www.donhighend.de\/index.php?rest_route=\/wp\/v2\/pages"}],"about":[{"href":"https:\/\/www.donhighend.de\/index.php?rest_route=\/wp\/v2\/types\/page"}],"author":[{"embeddable":true,"href":"https:\/\/www.donhighend.de\/index.php?rest_route=\/wp\/v2\/users\/1"}],"replies":[{"embeddable":true,"href":"https:\/\/www.donhighend.de\/index.php?rest_route=%2Fwp%2Fv2%2Fcomments&post=6762"}],"version-history":[{"count":48,"href":"https:\/\/www.donhighend.de\/index.php?rest_route=\/wp\/v2\/pages\/6762\/revisions"}],"predecessor-version":[{"id":11487,"href":"https:\/\/www.donhighend.de\/index.php?rest_route=\/wp\/v2\/pages\/6762\/revisions\/11487"}],"up":[{"embeddable":true,"href":"https:\/\/www.donhighend.de\/index.php?rest_route=\/wp\/v2\/pages\/4401"}],"wp:featuredmedia":[{"embeddable":true,"href":"https:\/\/www.donhighend.de\/index.php?rest_route=\/wp\/v2\/media\/11486"}],"wp:attachment":[{"href":"https:\/\/www.donhighend.de\/index.php?rest_route=%2Fwp%2Fv2%2Fmedia&parent=6762"}],"curies":[{"name":"wp","href":"https:\/\/api.w.org\/{rel}","templated":true}]}}