{"id":6288,"date":"2019-07-14T20:34:52","date_gmt":"2019-07-14T19:34:52","guid":{"rendered":"http:\/\/www.donhighend.de\/?page_id=6288"},"modified":"2025-09-07T11:41:13","modified_gmt":"2025-09-07T10:41:13","slug":"countach","status":"publish","type":"page","link":"https:\/\/www.donhighend.de\/?page_id=6288","title":{"rendered":"Countach"},"content":{"rendered":"<p><img loading=\"lazy\" decoding=\"async\" class=\"aligncenter size-full wp-image-11460\" src=\"https:\/\/www.donhighend.de\/wp-content\/uploads\/2025\/09\/Titelbild-neu-dunkler-klein.jpg\" alt=\"\" width=\"467\" height=\"640\" srcset=\"https:\/\/www.donhighend.de\/wp-content\/uploads\/2025\/09\/Titelbild-neu-dunkler-klein.jpg 467w, https:\/\/www.donhighend.de\/wp-content\/uploads\/2025\/09\/Titelbild-neu-dunkler-klein-219x300.jpg 219w\" sizes=\"auto, (max-width: 467px) 100vw, 467px\" \/><\/p>\n<p style=\"text-align: justify;\">Wer erinnert sich nicht an die Zeiten, in denen unsere\u00a0 Wohnkultur von \u00fcppigem Interieur mit ausladenden Polstergarnituren, dicken Teppichb\u00f6den und samtigen Vorh\u00e4ngen gepr\u00e4gt war. Da diese Gegenst\u00e4nde und Materialien dazu neigen, sehr viel Energie, vornehmlich im Hochtonbereich, zu absorbieren, ben\u00f6tigte man Lautsprecher, die auch unter Winkeln noch genug Hochtonenergie abstrahlen k\u00f6nnen. Ansonsten wirkte die Wiedergabe schnell\u00a0 dumpf und matt. Die meisten mit einer Hochtonkalotte ausgestatteten Lautsprecher bringen diese Eigenschaft jedoch mit.<\/p>\n<p style=\"text-align: justify;\">In unserer modernen Zeit hat sich hinsichtlich des Einrichtungsgeschmacks sehr viel ver\u00e4ndert. Unsere Wohnr\u00e4ume werden immer h\u00e4ufiger von glatten und somit stark reflektierenden Oberfl\u00e4chen und B\u00f6den dominiert. Teppichb\u00f6den oder schwere Vorh\u00e4nge findet man in den aktuellen Wohnzimmern kaum noch. In einer solchen Umgebung k\u00f6nnen Lautsprecher mit st\u00e4rkerem B\u00fcndelungsverhalten im Hochtonbereich deutlich agenehmer klingen, da sie weniger indirekten Schall \u00fcber reflektierende W\u00e4nde und andere schallharte Fl\u00e4chen erzeugen.<\/p>\n<p style=\"text-align: justify;\">Um einen veritablen Standlautsprecher mit einem f\u00fcr schallharte R\u00e4ume optimierten Abstrahlverhalten realisieren zu k\u00f6nnen, ben\u00f6tigt man einen Hocht\u00f6ner mit entsprechend st\u00e4rkerem B\u00fcndelungsverhalten. Somit fallen die in gro\u00dfer Vielzahl angebotenen Kalottenhocht\u00f6ner weitestgehend aus. Ebenso verh\u00e4lt es sich mit den momentan so sehr angesagten AMT und sonstwie gearteten Folienstrahlern. Die meisten Hocht\u00f6ner dieser Bauart weisen zur Schallabstrahlung eine zwar vertikal lange, aber horizontal schmale Folienmembran auf, die auf horizontaler Ebene breit abstrahlt und wenig b\u00fcndelt. Bleiben Konushoch\u00f6ner, die teilweise und je nach Gr\u00f6\u00dfe ihrer Membran deutlich schmaler abstrahlen. Leider sind die am Markt erh\u00e4ltlichen Konen aber mehrheitlich im untersten Preissegment angesiedelt, oder aber sehr teuer. Somit scheiden sie f\u00fcr das geplante Konzept ebenfalls aus.<\/p>\n<p style=\"text-align: justify;\">Eine weitere M\u00f6glichkeit bietet eine Schallf\u00fchrung, z. B. ein Waveguide, wie es in einigen meiner fr\u00fcheren Lautsprecher zum Einsatz kommt. F\u00fcr die Countach hatte ich jedoch ein noch st\u00e4rker b\u00fcndelndes Konzept erdacht. In meinem Lager hatte ich noch ein Paar eines nicht nur preislich interessanten Hocht\u00f6ners des Herstellers Fountek. Der <a href=\"http:\/\/www.fountek.net\/neocd3.5h.html\" target=\"_blank\" rel=\"noopener noreferrer\"><span style=\"color: #0000ff;\">NeoCD3.5H<\/span><\/a> ist ein reinrassiger B\u00e4ndchenhocht\u00f6ner, der mit seinem vorgesetzten Horn die gew\u00fcnschten Eigenschaften mitbringt. Der Hocht\u00f6ner wird baugleich auch von Monacor unter der Bezeichnung <span style=\"color: #0000ff;\"><a style=\"color: #0000ff;\" href=\"https:\/\/www.monacor.de\/produkte\/components\/lautsprechertechnik\/hi-fi-hochtoener-\/rbt-35sr\/\" target=\"_blank\" rel=\"noopener\">RBT-35SR<\/a><\/span> angeboten. Monacor bietet den Hocht\u00f6ner nur paarweise an. Deswegen erscheint der Preis zun\u00e4chst in den Shops h\u00f6her.<\/p>\n<p style=\"text-align: center;\"><img loading=\"lazy\" decoding=\"async\" class=\"aligncenter size-full wp-image-6679\" src=\"https:\/\/www.donhighend.de\/wp-content\/uploads\/2020\/05\/NeoCD3.5H.jpg\" alt=\"\" width=\"544\" height=\"600\" srcset=\"https:\/\/www.donhighend.de\/wp-content\/uploads\/2020\/05\/NeoCD3.5H.jpg 544w, https:\/\/www.donhighend.de\/wp-content\/uploads\/2020\/05\/NeoCD3.5H-272x300.jpg 272w\" sizes=\"auto, (max-width: 544px) 100vw, 544px\" \/>Fountek NeoCD3.5H \/ Monacor RBT-35SR<\/p>\n<p>&nbsp;<\/p>\n<p style=\"text-align: justify;\">Der Hocht\u00f6ner gl\u00e4nzt durch eine saubere Verarbeitung und bietet, trotz des Horns aus solidem Kunststoff, eine sehr ordentliche Haptik. Auch die Frequenzganglinearit\u00e4t ist nicht zu beanstanden, wenn man eine Trennfrequenz von 3kHz nicht unterschreitet.<\/p>\n<p style=\"text-align: center;\"><img loading=\"lazy\" decoding=\"async\" class=\"aligncenter size-full wp-image-6681\" src=\"https:\/\/www.donhighend.de\/wp-content\/uploads\/2020\/05\/Fountek-NeoCD3.5H-0\u00b0-unbeschaltet.jpg\" alt=\"\" width=\"1000\" height=\"742\" srcset=\"https:\/\/www.donhighend.de\/wp-content\/uploads\/2020\/05\/Fountek-NeoCD3.5H-0\u00b0-unbeschaltet.jpg 1000w, https:\/\/www.donhighend.de\/wp-content\/uploads\/2020\/05\/Fountek-NeoCD3.5H-0\u00b0-unbeschaltet-300x223.jpg 300w, https:\/\/www.donhighend.de\/wp-content\/uploads\/2020\/05\/Fountek-NeoCD3.5H-0\u00b0-unbeschaltet-768x570.jpg 768w, https:\/\/www.donhighend.de\/wp-content\/uploads\/2020\/05\/Fountek-NeoCD3.5H-0\u00b0-unbeschaltet-750x557.jpg 750w\" sizes=\"auto, (max-width: 1000px) 100vw, 1000px\" \/>Fountek NeoCD3.5H 0\u00b0 unbeschaltet<\/p>\n<p>&nbsp;<\/p>\n<p style=\"text-align: justify;\">Ein ad\u00e4quater Mitteltonpartner schlummerte schon seit geraumer Zeit in meinem Chassisvorrat und wartete darauf, endlich seine Qualit\u00e4ten ausspielen zu k\u00f6nnen. Das P\u00e4rchen <span style=\"color: #0000ff;\"><a style=\"color: #0000ff;\" href=\"https:\/\/sica.it\/prodotto\/5-m-15-pl\/\" target=\"_blank\" rel=\"noopener noreferrer\">Sica 5M1.5PL<\/a><\/span> schenkte mir ein Nachbauer eines meiner fr\u00fcheren Projekte. Er hatte die Chassis selbst geschenkt bekommen und fragte mich, ob er mir damit vielleicht eine Freude machen k\u00f6nne.\u00a0 Sehr gerne nahm ich an und versprach, die T\u00f6ner alsbald in einem sch\u00f6nen Projekt einzusetzen.<\/p>\n<p style=\"text-align: center;\"><img loading=\"lazy\" decoding=\"async\" class=\"aligncenter size-full wp-image-6687\" src=\"https:\/\/www.donhighend.de\/wp-content\/uploads\/2020\/05\/Sica-5-M-1.5-PL.jpg\" alt=\"\" width=\"500\" height=\"500\" srcset=\"https:\/\/www.donhighend.de\/wp-content\/uploads\/2020\/05\/Sica-5-M-1.5-PL.jpg 500w, https:\/\/www.donhighend.de\/wp-content\/uploads\/2020\/05\/Sica-5-M-1.5-PL-300x300.jpg 300w, https:\/\/www.donhighend.de\/wp-content\/uploads\/2020\/05\/Sica-5-M-1.5-PL-150x150.jpg 150w\" sizes=\"auto, (max-width: 500px) 100vw, 500px\" \/>Sica 5M1.5PL<\/p>\n<p>&nbsp;<\/p>\n<p style=\"text-align: justify;\">Dieser reine Mittelt\u00f6ner ist eine wahre Augenweide. Der str\u00f6mungsg\u00fcnstig geformte Gusskorb, der Neodymantrieb und die gesamte Verarbeitung des Chassis gestatten durchaus die Frage, wie all dies zu einem Preis von unter 55,- Euro m\u00f6glich ist. Auch in messtechnischer Hinsicht leistet sich der kleine Italiener\u00a0 keine Ausrei\u00dfer. Der Frequenzverlauf darf als hervorragend bezeichnet werden.<\/p>\n<p style=\"text-align: center;\"><img loading=\"lazy\" decoding=\"async\" class=\"aligncenter size-full wp-image-6689\" src=\"https:\/\/www.donhighend.de\/wp-content\/uploads\/2020\/05\/Sica-5M1.5PL-0\u00b0-unbeschaltet.jpg\" alt=\"\" width=\"1000\" height=\"742\" srcset=\"https:\/\/www.donhighend.de\/wp-content\/uploads\/2020\/05\/Sica-5M1.5PL-0\u00b0-unbeschaltet.jpg 1000w, https:\/\/www.donhighend.de\/wp-content\/uploads\/2020\/05\/Sica-5M1.5PL-0\u00b0-unbeschaltet-300x223.jpg 300w, https:\/\/www.donhighend.de\/wp-content\/uploads\/2020\/05\/Sica-5M1.5PL-0\u00b0-unbeschaltet-768x570.jpg 768w, https:\/\/www.donhighend.de\/wp-content\/uploads\/2020\/05\/Sica-5M1.5PL-0\u00b0-unbeschaltet-750x557.jpg 750w\" sizes=\"auto, (max-width: 1000px) 100vw, 1000px\" \/>Sica 5M1.5PL 0\u00b0 unbeschaltet<\/p>\n<p>&nbsp;<\/p>\n<p style=\"text-align: justify;\">Bei der Auswahl einen tieffrequenten Mitspielers h\u00e4tte ich ebenfalls auf meinen Bestand zur\u00fcckgreifen k\u00f6nnen. Ein Sonderangebot des franz\u00f6sischen Anbieters TLHP konnte ich jedoch nicht verstreichen lassen, und so erwarb ich ein Paar <span style=\"color: #0000ff;\"><a style=\"color: #0000ff;\" href=\"https:\/\/sica.it\/prodotto\/10-sr-2-5-cp\/\" target=\"_blank\" rel=\"noopener noreferrer\">Sica 10SR2.5CP<\/a><\/span> in der 8 Ohm Ausf\u00fchrung.<\/p>\n<p style=\"text-align: center;\"><img loading=\"lazy\" decoding=\"async\" class=\"aligncenter size-full wp-image-6693\" src=\"https:\/\/www.donhighend.de\/wp-content\/uploads\/2020\/05\/Sica-10SR2.5CP.jpg\" alt=\"\" width=\"800\" height=\"601\" srcset=\"https:\/\/www.donhighend.de\/wp-content\/uploads\/2020\/05\/Sica-10SR2.5CP.jpg 800w, https:\/\/www.donhighend.de\/wp-content\/uploads\/2020\/05\/Sica-10SR2.5CP-300x225.jpg 300w, https:\/\/www.donhighend.de\/wp-content\/uploads\/2020\/05\/Sica-10SR2.5CP-768x577.jpg 768w, https:\/\/www.donhighend.de\/wp-content\/uploads\/2020\/05\/Sica-10SR2.5CP-750x563.jpg 750w\" sizes=\"auto, (max-width: 800px) 100vw, 800px\" \/>Sica 10SR2.5CP<\/p>\n<p>&nbsp;<\/p>\n<p style=\"text-align: justify;\">Mit seinem regul\u00e4ren Preis darf das Chassis aber\u00a0 trotzdem als absolutes Schn\u00e4ppchen gelten. F\u00fcr gut 90,- Euro bietet Sica einen 10 Z\u00f6ller mit massivem Gusskorb, einem sehr edel aussehenden, auf den Korbrand aufgebrachten Gasket aus Gummi, insgesamt toller Haptik und nicht zuletzt einem vollkommen \u00fcberzeugenden und praxisgerechten TSP-Satz.<\/p>\n<p style=\"text-align: center;\"><img loading=\"lazy\" decoding=\"async\" class=\"aligncenter size-full wp-image-6696\" src=\"https:\/\/www.donhighend.de\/wp-content\/uploads\/2020\/05\/Sica-10-SR-2.5-CP-TSP.png\" alt=\"\" width=\"839\" height=\"741\" srcset=\"https:\/\/www.donhighend.de\/wp-content\/uploads\/2020\/05\/Sica-10-SR-2.5-CP-TSP.png 839w, https:\/\/www.donhighend.de\/wp-content\/uploads\/2020\/05\/Sica-10-SR-2.5-CP-TSP-300x265.png 300w, https:\/\/www.donhighend.de\/wp-content\/uploads\/2020\/05\/Sica-10-SR-2.5-CP-TSP-768x678.png 768w, https:\/\/www.donhighend.de\/wp-content\/uploads\/2020\/05\/Sica-10-SR-2.5-CP-TSP-750x662.png 750w\" sizes=\"auto, (max-width: 839px) 100vw, 839px\" \/>Sica 10SR2.5CP TSP Satz<\/p>\n<p>&nbsp;<\/p>\n<p style=\"text-align: justify;\">Die selbst ermittelten TSP sind sehr nah an den Angaben im Datenblatt. Das Chassis ben\u00f6tigt ein ventiliertes Volumen um 55 Liter um souver\u00e4nen Tiefbass bis unter 40 Hz abliefern. Hier passt ungek\u00fcrzter ein HP 100 Port von Intertechnik mit seinen knapp 20 cm L\u00e4nge perfekt. Das ist sozusagen Plug &#8217;n Play.<\/p>\n<p><img loading=\"lazy\" decoding=\"async\" class=\"aligncenter size-full wp-image-6703\" src=\"https:\/\/www.donhighend.de\/wp-content\/uploads\/2020\/05\/Simu-AJHorn-in-55-Litern.jpg\" alt=\"\" width=\"589\" height=\"436\" srcset=\"https:\/\/www.donhighend.de\/wp-content\/uploads\/2020\/05\/Simu-AJHorn-in-55-Litern.jpg 589w, https:\/\/www.donhighend.de\/wp-content\/uploads\/2020\/05\/Simu-AJHorn-in-55-Litern-300x222.jpg 300w\" sizes=\"auto, (max-width: 589px) 100vw, 589px\" \/><\/p>\n<p style=\"text-align: center;\">Sica 10SR2.5CP in 55 Litern BR<\/p>\n<p>&nbsp;<\/p>\n<p>Auch die Messung des Frequenzgangs zeigt keine Auff\u00e4lligkeiten. Der Verlauf ist absolut musterg\u00fcltig, bevor er ab etwa 1,5 kHz in einer Resonanz aufbricht.<\/p>\n<p style=\"text-align: center;\"><img loading=\"lazy\" decoding=\"async\" class=\"aligncenter size-full wp-image-6698\" src=\"https:\/\/www.donhighend.de\/wp-content\/uploads\/2020\/05\/Sica-10SR2.5CP-0\u00b0-unbeschaltet.jpg\" alt=\"\" width=\"1000\" height=\"742\" srcset=\"https:\/\/www.donhighend.de\/wp-content\/uploads\/2020\/05\/Sica-10SR2.5CP-0\u00b0-unbeschaltet.jpg 1000w, https:\/\/www.donhighend.de\/wp-content\/uploads\/2020\/05\/Sica-10SR2.5CP-0\u00b0-unbeschaltet-300x223.jpg 300w, https:\/\/www.donhighend.de\/wp-content\/uploads\/2020\/05\/Sica-10SR2.5CP-0\u00b0-unbeschaltet-768x570.jpg 768w, https:\/\/www.donhighend.de\/wp-content\/uploads\/2020\/05\/Sica-10SR2.5CP-0\u00b0-unbeschaltet-750x557.jpg 750w\" sizes=\"auto, (max-width: 1000px) 100vw, 1000px\" \/>Sica 10SR2.5CP 0\u00b0 unbeschaltet<\/p>\n<p>&nbsp;<\/p>\n<p style=\"text-align: justify;\">Die Simulation erfolgte zun\u00e4chst mit dem bew\u00e4hrten\u00a0 Tool Boxsim. Sie wurde im n\u00e4chsten Schritt in die Software Xover \u00fcbertragen, um auch das zu erwartende Verhalten unter Winkeln simulieren zu k\u00f6nnen. Die Vorgehensweise mag umst\u00e4ndlich wirken, bietet f\u00fcr mich aber die schnellstm\u00f6gliche Art\u00a0 zu einem guten Ergebnis zu kommen. Modernere Programme, wie z. B. Vituixcad besorgen dies in einem Schritt, sind jedoch deutlich umst\u00e4ndlicher in der Handhabung. Zudem ist der Optimierer der Boxsim Version 1.2 un\u00fcbertroffen, wenn man ihn auf sinnvolle Art und Weise einsetzt. Jedenfalls stellt die Simulation ein einwandfreies Ergebnis wie gew\u00fcnscht in Aussicht.<\/p>\n<p style=\"text-align: center;\"><img loading=\"lazy\" decoding=\"async\" class=\"aligncenter size-full wp-image-6707\" src=\"https:\/\/www.donhighend.de\/wp-content\/uploads\/2020\/05\/v080820.jpg\" alt=\"\" width=\"801\" height=\"574\" srcset=\"https:\/\/www.donhighend.de\/wp-content\/uploads\/2020\/05\/v080820.jpg 801w, https:\/\/www.donhighend.de\/wp-content\/uploads\/2020\/05\/v080820-300x215.jpg 300w, https:\/\/www.donhighend.de\/wp-content\/uploads\/2020\/05\/v080820-768x550.jpg 768w, https:\/\/www.donhighend.de\/wp-content\/uploads\/2020\/05\/v080820-750x537.jpg 750w\" sizes=\"auto, (max-width: 801px) 100vw, 801px\" \/>Simulation Countach 0\u00b0 &#8211; 60\u00b0<\/p>\n<p>&nbsp;<\/p>\n<p style=\"text-align: justify;\">Nach der obigen Simulation wurde die Weiche auf meinem bew\u00e4hrten Entwicklungsbrett gesteckt, und kurz sp\u00e4ter wurden Messungen durchgef\u00fchrt. Erwartungsgem\u00e4\u00df waren diese deckungsgleich mit der Simulation. Die \u00c4nderung eines einzigen Bauteilewertes hatte zur Folge, dass die kleine Senke bei ca. 1,5 kHz\u00a0 auf Achse noch etwas sanfter ausf\u00e4llt als es die Simulation zeigt.<\/p>\n<p><img loading=\"lazy\" decoding=\"async\" class=\"aligncenter size-full wp-image-6716\" src=\"https:\/\/www.donhighend.de\/wp-content\/uploads\/2020\/05\/Countach-0\u00b0-60\u00b0.png\" alt=\"\" width=\"1000\" height=\"766\" srcset=\"https:\/\/www.donhighend.de\/wp-content\/uploads\/2020\/05\/Countach-0\u00b0-60\u00b0.png 1000w, https:\/\/www.donhighend.de\/wp-content\/uploads\/2020\/05\/Countach-0\u00b0-60\u00b0-300x230.png 300w, https:\/\/www.donhighend.de\/wp-content\/uploads\/2020\/05\/Countach-0\u00b0-60\u00b0-768x588.png 768w, https:\/\/www.donhighend.de\/wp-content\/uploads\/2020\/05\/Countach-0\u00b0-60\u00b0-750x575.png 750w\" sizes=\"auto, (max-width: 1000px) 100vw, 1000px\" \/><\/p>\n<p style=\"text-align: center;\">Messungen Countach 0\u00b0 &#8211; 60\u00b0<\/p>\n<p>&nbsp;<\/p>\n<p style=\"text-align: justify;\">Die Darstellung des reinen Achsenfrequenzgangs stellt dies noch etwas deutlicher heraus.<\/p>\n<p><img loading=\"lazy\" decoding=\"async\" class=\"aligncenter size-full wp-image-6717\" src=\"https:\/\/www.donhighend.de\/wp-content\/uploads\/2020\/05\/Countach-0\u00b0-und-Zweige.png\" alt=\"\" width=\"1000\" height=\"742\" srcset=\"https:\/\/www.donhighend.de\/wp-content\/uploads\/2020\/05\/Countach-0\u00b0-und-Zweige.png 1000w, https:\/\/www.donhighend.de\/wp-content\/uploads\/2020\/05\/Countach-0\u00b0-und-Zweige-300x223.png 300w, https:\/\/www.donhighend.de\/wp-content\/uploads\/2020\/05\/Countach-0\u00b0-und-Zweige-768x570.png 768w, https:\/\/www.donhighend.de\/wp-content\/uploads\/2020\/05\/Countach-0\u00b0-und-Zweige-750x557.png 750w\" sizes=\"auto, (max-width: 1000px) 100vw, 1000px\" \/><\/p>\n<p style=\"text-align: center;\">Messung Countach 0\u00b0 und Zweige<\/p>\n<p>&nbsp;<\/p>\n<p style=\"text-align: justify;\">Der Impedanzverlauf, den ich hier zusammen mit der Achsenmessung zeige, verl\u00e4uft auf vollkommen unkritischem Niveau und erreicht seinen niedrigsten Wert von ca. 5 Ohm bei etwa 120 Hz.<\/p>\n<p style=\"text-align: center;\"><img loading=\"lazy\" decoding=\"async\" class=\"aligncenter size-full wp-image-6719\" src=\"https:\/\/www.donhighend.de\/wp-content\/uploads\/2020\/05\/Countach-0\u00b0-und-Impedanzverlauf.png\" alt=\"\" width=\"1000\" height=\"742\" srcset=\"https:\/\/www.donhighend.de\/wp-content\/uploads\/2020\/05\/Countach-0\u00b0-und-Impedanzverlauf.png 1000w, https:\/\/www.donhighend.de\/wp-content\/uploads\/2020\/05\/Countach-0\u00b0-und-Impedanzverlauf-300x223.png 300w, https:\/\/www.donhighend.de\/wp-content\/uploads\/2020\/05\/Countach-0\u00b0-und-Impedanzverlauf-768x570.png 768w, https:\/\/www.donhighend.de\/wp-content\/uploads\/2020\/05\/Countach-0\u00b0-und-Impedanzverlauf-750x557.png 750w\" sizes=\"auto, (max-width: 1000px) 100vw, 1000px\" \/>Countach 0\u00b0 und Impedanzverlauf<\/p>\n<p>&nbsp;<\/p>\n<p style=\"text-align: justify;\">Die Weichenschaltung konnte recht moderat ausfallen. Der Impedanzverlauf des Tieft\u00f6ners wurde linearisiert. Er ist mit einem 12dB Filter beschaltet. Der Tieft\u00f6ner buckelt durch die Wechselwirkung des Filters mit dem zweiten Impedanzh\u00f6cker nur minimal auf. Deswegen greift der zus\u00e4tzlich verbaute Saugkreis nur sehr sanft und eher breitbandig ein. \u00dcber Variantion des 15 Ohm Widerstandes kann der Pegel im (Ober-)Bass auf Wunsch variiert werden.\u00a0 Eine Vergr\u00f6\u00dferung des Widerstandswertes auf etwa 22 Ohm entlockt dem Lautsprecher ca. 1dB mehr Pegel. Eine Verkleinerung senkt den Pegel ab. Man sollte dabei nat\u00fcrlich die Gesamtimpedanz im Auge behalten. Der Gesamtwiderstand, der sich aus der Addition des Spulenwiderstands und des physischen Widerstands ergibt, sollte 5 Ohm nicht unterschreiten, um einen sicheren Betrieb zu gew\u00e4hrleisten.\u00a0 Sinnvolle Werte des physischen Widerstands liegen zwischen 10 Ohm und 22 Ohm, die Verwendung der angegebenen Spule mit 1,39 Ohm vorausgesetzt. Beim Mittelt\u00f6ner gibt es keine Besonderheiten.\u00a0 Die Schaltung mit einem 12dB Filter nach unten und 18dB Filter nach oben sorgen f\u00fcr das gew\u00fcnschte Verhalten. Ein Spannungsteiler passt den Pegel an. Der Hocht\u00f6ner ist etwas tricky beschaltet. Dem 18dB Filter ist ein mit einem Shelving Filter \u00fcberbr\u00fcckter Widerstand vorgeschaltet. Dieses sorgt f\u00fcr\u00a0 besseres Verhalten im Bereich der Trennfrequenz zum Mittelt\u00f6ner. Unter Winkeln stellt sich dadurch ein besserer Verlauf ein, als er mit einer konventionellen Beschaltung mit dem Filter nachfolgenden Spannungsteiler erreichbar w\u00e4re.<\/p>\n<p style=\"text-align: center;\"><img loading=\"lazy\" decoding=\"async\" class=\"aligncenter size-full wp-image-6751\" src=\"https:\/\/www.donhighend.de\/wp-content\/uploads\/2020\/05\/Unterschiede-Widerstand-im-Sauger.jpg\" alt=\"\" width=\"647\" height=\"537\" srcset=\"https:\/\/www.donhighend.de\/wp-content\/uploads\/2020\/05\/Unterschiede-Widerstand-im-Sauger.jpg 647w, https:\/\/www.donhighend.de\/wp-content\/uploads\/2020\/05\/Unterschiede-Widerstand-im-Sauger-300x249.jpg 300w\" sizes=\"auto, (max-width: 647px) 100vw, 647px\" \/>Unterschiede im Oberbass durch Variation des Widerstands im Saugkreis<\/p>\n<p>&nbsp;<\/p>\n<p><img loading=\"lazy\" decoding=\"async\" class=\"aligncenter size-full wp-image-6731\" src=\"https:\/\/www.donhighend.de\/wp-content\/uploads\/2020\/05\/Weiche-final-mit-Wasserzeichen.jpg\" alt=\"\" width=\"746\" height=\"594\" srcset=\"https:\/\/www.donhighend.de\/wp-content\/uploads\/2020\/05\/Weiche-final-mit-Wasserzeichen.jpg 746w, https:\/\/www.donhighend.de\/wp-content\/uploads\/2020\/05\/Weiche-final-mit-Wasserzeichen-300x239.jpg 300w\" sizes=\"auto, (max-width: 746px) 100vw, 746px\" \/><\/p>\n<p style=\"text-align: center;\">Countach Weichenplan<\/p>\n<p>&nbsp;<\/p>\n<p style=\"text-align: justify;\">Das im Zweifel kostenintensivste Bauteil d\u00fcrfte die 2,7mH Spule im Tiefpass sein. F\u00fcr den Aufbau habe ich eine Luftspule mit 1,4 mm Draht aus meinem Vorrat verwendet. Nat\u00fcrlich an dieser Stelle auch eine preiswertere oder bereits vorhandene (Kern-)Spule verwendet werden. Kleinere Abweichungen des Spulenwiderstandes stellen kein Problem dar. Den Bereich vollkommen problemlos zu verwendendender Werte habe ich im Bauplan aufgef\u00fchrt. Die im folgenden Warenkorb gelistete Luftspule mit 1,4 mm Draht kann gegen ein entsprechend preiswerteres Exemplar getauscht werden.<\/p>\n<p>&nbsp;<\/p>\n<h3 style=\"text-align: center;\"><a href=\"https:\/\/www.donhighend.de\/wp-content\/uploads\/2020\/05\/Countech-Warenkorb.pdf\" target=\"_blank\" rel=\"noopener noreferrer\"><span style=\"color: #0000ff;\">Warenkorb f\u00fcr die Weichenteile der Countach im Quint-Store<\/span><\/a><\/h3>\n<p>&nbsp;<\/p>\n<p><img loading=\"lazy\" decoding=\"async\" class=\"aligncenter size-full wp-image-7359\" src=\"https:\/\/www.donhighend.de\/wp-content\/uploads\/2020\/09\/Bauplan-final-mit-WZ.jpg\" alt=\"\" width=\"1238\" height=\"853\" srcset=\"https:\/\/www.donhighend.de\/wp-content\/uploads\/2020\/09\/Bauplan-final-mit-WZ.jpg 1238w, https:\/\/www.donhighend.de\/wp-content\/uploads\/2020\/09\/Bauplan-final-mit-WZ-300x207.jpg 300w, https:\/\/www.donhighend.de\/wp-content\/uploads\/2020\/09\/Bauplan-final-mit-WZ-1024x706.jpg 1024w, https:\/\/www.donhighend.de\/wp-content\/uploads\/2020\/09\/Bauplan-final-mit-WZ-768x529.jpg 768w, https:\/\/www.donhighend.de\/wp-content\/uploads\/2020\/09\/Bauplan-final-mit-WZ-750x517.jpg 750w\" sizes=\"auto, (max-width: 1238px) 100vw, 1238px\" \/><\/p>\n<p style=\"text-align: center;\">Countach Bau- und Bed\u00e4mpfungsplan (Vergr\u00f6\u00dfern: Rechte Maustaste -&gt; Grafik anzeigen)<\/p>\n<p>&nbsp;<\/p>\n<p style=\"text-align: justify;\">Die Baupl\u00e4ne sind f\u00fcr private Nutzung freigegeben. Jegliche Form der gewerblichen Nutzung oder Verbreitung ohne vorherige Absprache ist untersagt und wird strafrechtlich verfolgt.<\/p>\n<p style=\"text-align: justify;\">Die Chassis kosten beim <span style=\"color: #0000ff;\"><a style=\"color: #0000ff;\" href=\"https:\/\/en.toutlehautparleur.com\/\" target=\"_blank\" rel=\"noopener noreferrer\">freundlichen Franzosen<\/a><\/span> aktuell (17.05.2020) 208,67 Euro pro Seite. Mit den zus\u00e4tzlich f\u00e4lligen 81,80 Euro (18.05.2020) je Box f\u00fcr die Weichenteile erh\u00e4lt man f\u00fcr rund 580,- Euro f\u00fcr die Technik ein Paar veritable und schalldruckstarke Standlautsprecher mit ausgewogenem und absolut \u00fcberzeugendem Klang. Der Bassbereich ist kr\u00e4ftig, trocken und reicht souver\u00e4n bis unter 40 Hz hinunter. Auch bei hohen Pegeln bleibt das Klangbild sehr sauber. Die B\u00fchnendarstellung und die Ortbarkeit einzelner Instrumente und Stimmen gelingen einwandfrei. \u00dcberhaupt ist die Stimmwiedergabe ausgezeichnet. Auch unsere kritischen &#8222;Teststimmen&#8220; werden auf sehr hohem Niveau und frei von Verf\u00e4rbungen wiedergegeben.\u00a0 Die Countach bieten ein sehr hohes Klangerlebnis zum kleinen Preis.<\/p>\n<p>Viel Spa\u00df beim Nachbau&#8230; \ud83d\ude42<\/p>\n","protected":false},"excerpt":{"rendered":"<p>Wer erinnert sich nicht an die Zeiten, in denen unsere\u00a0 Wohnkultur von \u00fcppigem Interieur mit ausladenden Polstergarnituren, dicken Teppichb\u00f6den und samtigen Vorh\u00e4ngen gepr\u00e4gt war. Da diese Gegenst\u00e4nde und Materialien dazu neigen, sehr viel Energie, vornehmlich im Hochtonbereich, zu absorbieren, ben\u00f6tigte man Lautsprecher, die auch unter Winkeln noch genug Hochtonenergie abstrahlen k\u00f6nnen. Ansonsten wirkte die Wiedergabe &hellip; <\/p>\n<p><a class=\"more-link btn\" href=\"https:\/\/www.donhighend.de\/?page_id=6288\">Weiterlesen<\/a><\/p>\n","protected":false},"author":1,"featured_media":11460,"parent":4401,"menu_order":964,"comment_status":"open","ping_status":"closed","template":"","meta":{"footnotes":""},"class_list":["post-6288","page","type-page","status-publish","has-post-thumbnail","hentry","nodate","item-wrap"],"_links":{"self":[{"href":"https:\/\/www.donhighend.de\/index.php?rest_route=\/wp\/v2\/pages\/6288","targetHints":{"allow":["GET"]}}],"collection":[{"href":"https:\/\/www.donhighend.de\/index.php?rest_route=\/wp\/v2\/pages"}],"about":[{"href":"https:\/\/www.donhighend.de\/index.php?rest_route=\/wp\/v2\/types\/page"}],"author":[{"embeddable":true,"href":"https:\/\/www.donhighend.de\/index.php?rest_route=\/wp\/v2\/users\/1"}],"replies":[{"embeddable":true,"href":"https:\/\/www.donhighend.de\/index.php?rest_route=%2Fwp%2Fv2%2Fcomments&post=6288"}],"version-history":[{"count":86,"href":"https:\/\/www.donhighend.de\/index.php?rest_route=\/wp\/v2\/pages\/6288\/revisions"}],"predecessor-version":[{"id":11461,"href":"https:\/\/www.donhighend.de\/index.php?rest_route=\/wp\/v2\/pages\/6288\/revisions\/11461"}],"up":[{"embeddable":true,"href":"https:\/\/www.donhighend.de\/index.php?rest_route=\/wp\/v2\/pages\/4401"}],"wp:featuredmedia":[{"embeddable":true,"href":"https:\/\/www.donhighend.de\/index.php?rest_route=\/wp\/v2\/media\/11460"}],"wp:attachment":[{"href":"https:\/\/www.donhighend.de\/index.php?rest_route=%2Fwp%2Fv2%2Fmedia&parent=6288"}],"curies":[{"name":"wp","href":"https:\/\/api.w.org\/{rel}","templated":true}]}}