{"id":4915,"date":"2017-10-10T17:23:53","date_gmt":"2017-10-10T16:23:53","guid":{"rendered":"http:\/\/www.donhighend.de\/?page_id=4915"},"modified":"2024-06-13T12:30:12","modified_gmt":"2024-06-13T11:30:12","slug":"silent-runner-3-wege-kompaktbox-mit-10-tieftoener","status":"publish","type":"page","link":"https:\/\/www.donhighend.de\/?page_id=4915","title":{"rendered":"Silent Runner &#8211; 3-Wege Kompaktbox mit 10&#8243; Bass"},"content":{"rendered":"<p>&nbsp;<\/p>\n<p><img loading=\"lazy\" decoding=\"async\" class=\"aligncenter size-full wp-image-5918\" src=\"https:\/\/www.donhighend.de\/wp-content\/uploads\/2019\/01\/Titelbild-neu.jpg\" alt=\"\" width=\"640\" height=\"480\" srcset=\"https:\/\/www.donhighend.de\/wp-content\/uploads\/2019\/01\/Titelbild-neu.jpg 640w, https:\/\/www.donhighend.de\/wp-content\/uploads\/2019\/01\/Titelbild-neu-300x225.jpg 300w\" sizes=\"auto, (max-width: 640px) 100vw, 640px\" \/><\/p>\n<p>&nbsp;<\/p>\n<p style=\"text-align: justify;\">Zuweilen bekommt man Chassis in die Hand, die von der ersten Sekunde an einen gewissen Reiz verspr\u00fchen. Genau so erging es mir, als Nico Germanos von\u00a0<a href=\"http:\/\/www.quint-store.com\/\" target=\"_blank\" rel=\"noopener\"><span style=\"color: #ff0000;\"><strong>Quint Audio<\/strong><\/span><\/a> den Peerless SBS-250F38AL01-04\u00a0 aus dem Hause Tymphany auf den Tisch legte. &#8222;Irgendwie vollkommen unkonventionell&#8220; dachte ich, als ich den 10-Z\u00f6ller mit seiner dezent matten Alumembran und der inversen Sicke in den H\u00e4nden hielt. Die Membran, die ohne Dustcap ausgef\u00fchrt ist, wirkt wie eine gro\u00dfe, inverse Kalotte. Das Ganze steckt in einem sehr solide gefertigten und dem bislang beschriebenen nicht minder ungew\u00f6hnlichen Korb. \u00dcbliche Korbstreben sucht man beim SBS-250 vergebens. Vielmehr handelt es sich um ein sch\u00fcsselartiges Gebilde, welches rundum mit eng beeinander liegenden Bohrungen versehen ist. Diese Bauart sorgt einerseits f\u00fcr perfekte Bel\u00fcftung des Antriebs und andererseits f\u00fcr eine hohe Verwindungssteifigkeit des gesamten Chassis.<\/p>\n<p style=\"text-align: center;\"><img loading=\"lazy\" decoding=\"async\" class=\"aligncenter size-full wp-image-4980\" src=\"https:\/\/www.donhighend.de\/wp-content\/uploads\/2017\/10\/SBS-250.jpg\" alt=\"\" width=\"600\" height=\"600\" srcset=\"https:\/\/www.donhighend.de\/wp-content\/uploads\/2017\/10\/SBS-250.jpg 600w, https:\/\/www.donhighend.de\/wp-content\/uploads\/2017\/10\/SBS-250-150x150.jpg 150w, https:\/\/www.donhighend.de\/wp-content\/uploads\/2017\/10\/SBS-250-300x300.jpg 300w\" sizes=\"auto, (max-width: 600px) 100vw, 600px\" \/><\/p>\n<p>&nbsp;<\/p>\n<p><img loading=\"lazy\" decoding=\"async\" class=\"aligncenter size-full wp-image-4982\" src=\"https:\/\/www.donhighend.de\/wp-content\/uploads\/2017\/10\/SBS-250-seitlich.jpg\" alt=\"\" width=\"600\" height=\"400\" srcset=\"https:\/\/www.donhighend.de\/wp-content\/uploads\/2017\/10\/SBS-250-seitlich.jpg 600w, https:\/\/www.donhighend.de\/wp-content\/uploads\/2017\/10\/SBS-250-seitlich-300x200.jpg 300w\" sizes=\"auto, (max-width: 600px) 100vw, 600px\" \/><\/p>\n<p style=\"text-align: center;\">Peerless SBS-250F38AL01-04<\/p>\n<p style=\"text-align: justify;\">Wo Licht ist, ist bekanntlich auch Schatten. Der\u00a0<a href=\"https:\/\/quint-store.com\/media\/files_public\/ehpcyocdxg\/Herstellerdaten-SBS-250F38AL01-04.pdf\" target=\"_blank\" rel=\"noopener\"><span style=\"color: #ff0000;\"><strong>SBS-250F38AL01-04<\/strong><\/span><\/a> bringt sogar mehrere dunkle Wolken mit. Da w\u00e4re zum einen der sehr moderate Wirkungsgrad, der irgendwo an der 80dB Marke kratzt. Zum anderen ist sein Amplitudenverlauf alles andere als pr\u00e4chtig. Das Teil ist, objektiv betrachtet, nur als Subwoofer nutzbar. Brachiale Vorstellung, ein 10 Zoll Subwoofer mit knapp 80dB Kennschalldruck&#8230;<\/p>\n<p style=\"text-align: justify;\">&#8222;Was tun&#8220; sprach Zeus, kann man mit dem sch\u00f6nen Ding \u00fcberhaupt irgendetwas anstellen? Man kann!\u00a0 In die Seite einer Kompaktbox eingebaut, verhilft er einem 5,25&#8243; Tiefmittelt\u00f6ner zu einem durchaus imposanten Bassfundament. Simulationen zeigten n\u00e4mlich, dass der schwere Junge zwar nicht in der Lage ist, die Physik auszuhebeln. Da der SBS-250F38AL01-04 aber eine ordentliche Portion Hubf\u00e4higkeit mitbringt und hohe Verst\u00e4rkerleistungen heutzutage preiswert\u00a0 zu bekommen sind, kann die Box auf Wunsch auch mal lauter spielen. Welcher Name passt zu einem solchen Lautsprecher eher, als &#8222;Silent Runner&#8220;?<\/p>\n<p style=\"text-align: center;\"><img loading=\"lazy\" decoding=\"async\" class=\"aligncenter size-full wp-image-5034\" src=\"https:\/\/www.donhighend.de\/wp-content\/uploads\/2017\/12\/47mH-vs.-47mH-560\u00b5F.png\" alt=\"\" width=\"626\" height=\"413\" srcset=\"https:\/\/www.donhighend.de\/wp-content\/uploads\/2017\/12\/47mH-vs.-47mH-560\u00b5F.png 626w, https:\/\/www.donhighend.de\/wp-content\/uploads\/2017\/12\/47mH-vs.-47mH-560\u00b5F-300x198.png 300w\" sizes=\"auto, (max-width: 626px) 100vw, 626px\" \/>SBS-250F38AL01-04 in 15 Litern CB vs. GHP<\/p>\n<p style=\"text-align: justify;\">Die Auswirkungen des Baffle-Step kann AJHorn zwar nicht simulieren, aber da das Chassis bereits bei rund 150 Hz aus dem Rennen genommen wird, spielt das in diesem Fall keine Rolle.\u00a0 Das Datenblatt zeigt eine nach oben sehr schnell abfallende Amplitude, so dass auch diese die Simulation in der Praxis, wie die sp\u00e4tere Messung zeigen wird, kaum beeinflusst.\u00a0 Durch die Beschaltung des 4-Ohm Tieft\u00f6ners mit einer gro\u00dfen 4,7mH Induktivit\u00e4t steigt der Schalldruck im Bereich 55 Hz, im Vergleich zur unbeschalteten Simulation, durch Wechselwirkung mit dem nahe gelegenen Impedanzh\u00f6cker um ca. 5dB an. Genau an dieser Stelle mischt sich der HP-Kondensator ins Geschehen ein. Er gl\u00e4ttet den unsch\u00f6nen Peak, zieht gleichzeitig die Amplitude sch\u00f6n glatt bis unter 40 Hz und stellt einen Kennschalldruck der Box von gut 80 dB in Aussicht.<\/p>\n<p><img loading=\"lazy\" decoding=\"async\" class=\"aligncenter size-full wp-image-5032\" src=\"https:\/\/www.donhighend.de\/wp-content\/uploads\/2017\/12\/SBS-250-Nahfeld.png\" alt=\"\" width=\"800\" height=\"551\" srcset=\"https:\/\/www.donhighend.de\/wp-content\/uploads\/2017\/12\/SBS-250-Nahfeld.png 800w, https:\/\/www.donhighend.de\/wp-content\/uploads\/2017\/12\/SBS-250-Nahfeld-300x207.png 300w, https:\/\/www.donhighend.de\/wp-content\/uploads\/2017\/12\/SBS-250-Nahfeld-768x529.png 768w\" sizes=\"auto, (max-width: 800px) 100vw, 800px\" \/><\/p>\n<p style=\"text-align: center;\">Messung SBS-250F38AL01-04 im Nahfeld (Chassis auf der Front liefen bei Messung mit)<\/p>\n<p style=\"text-align: justify;\">F\u00fcr die Best\u00fcckung des Tiefmitteltonbereiches gab es verschiedene Aspekte, die es gegeneinander abzuw\u00e4gen galt. Nat\u00fcrlich sollte das auszuw\u00e4hlende Chassis eine ausgewogene Amplitude aufweisen.\u00a0 Die durch die Einbautiefe des Seitenbasses vorgegebene Mindestgeh\u00e4usebreite erlaubt sowohl den Einbau eines 5,25 Z\u00f6llers als auch eines 6,5 Z\u00f6llers. F\u00fcr das gr\u00f6\u00dfere Exemplar spricht bei erster Betrachtung ganz klar die Belastbarkeit. Der kleinere 5,25 Z\u00f6ller hingegen verspricht im Zusammenspiel mit einem Hocht\u00f6ner das bessere Rundstrahlverhalten. Die Tatsache, dass der Tiefmittelt\u00f6ner unterhalb von rund 150 Hz die Arbeit an den Tieft\u00f6ner abgibt, lie\u00df die Entscheidung zugunsten des kleineren 5,25 Z\u00f6llers ausfallen. Aus dem reichhaltigen Peerless Portfolio wurde der <a href=\"https:\/\/quint-store.com\/media\/files_public\/jcxbimon\/Herstellerdaten-HDS-P830991.pdf\" target=\"_blank\" rel=\"noopener\"><span style=\"color: #ff0000;\"><strong>HDS-P830991<\/strong><\/span><\/a> auserkoren. Neben der gew\u00fcnschten Linearit\u00e4t bringt das Chassis auch den gr\u00f6\u00dften linearen Hub der Peerless 5,25 Z\u00f6ller mit.<\/p>\n<p style=\"text-align: center;\"><img loading=\"lazy\" decoding=\"async\" class=\"aligncenter size-full wp-image-4996\" src=\"https:\/\/www.donhighend.de\/wp-content\/uploads\/2017\/10\/Peerless.jpg\" alt=\"\" width=\"640\" height=\"578\" srcset=\"https:\/\/www.donhighend.de\/wp-content\/uploads\/2017\/10\/Peerless.jpg 640w, https:\/\/www.donhighend.de\/wp-content\/uploads\/2017\/10\/Peerless-300x271.jpg 300w\" sizes=\"auto, (max-width: 640px) 100vw, 640px\" \/>Peerless HDS-P830991<\/p>\n<p style=\"text-align: justify;\">Im Hinblick auf ein m\u00f6glichst gleichm\u00e4\u00dfiges Abstrahlverhalten wird der Tiefmittelt\u00f6ner in oben gezeigter Einbauposition in die Schallwand eingelassen. Die akustischen Zentren von Tiefmittel- und Hocht\u00f6ner r\u00fccken auf diese Weise so nah wie m\u00f6glich zusammen, was die Voraussetzungen f\u00fcr ein gutes ebenfalls Abstrahlverhalten beg\u00fcnstigt.<\/p>\n<p style=\"text-align: justify;\">Obwohl Peerless eine breite Palette an sehr guten Hocht\u00f6nern zur Auswahl stellt, fiel die Auswahl bei der Silent Runner auf ein Produkt einer anderen, wenn auch verwandten Marke. Der <a href=\"http:\/\/www.scan-speak.dk\/datasheet\/pdf\/h2606-920000.pdf\" target=\"_blank\" rel=\"noopener\"><span style=\"color: #ff0000;\"><strong>H2606\/920000<\/strong><\/span><\/a> aus dem Hause Scan-Speak wird ebenfalls von Quint-Audio vertrieben, so dass interessierte Nachbauer die Chassis ohne erh\u00f6hten Portoaufwand in einer einzigen Bestellung ordern k\u00f6nnen.<\/p>\n<p style=\"text-align: center;\"><img loading=\"lazy\" decoding=\"async\" class=\"aligncenter size-full wp-image-4999\" src=\"https:\/\/www.donhighend.de\/wp-content\/uploads\/2017\/10\/H2606-920000.jpg\" alt=\"\" width=\"640\" height=\"640\" srcset=\"https:\/\/www.donhighend.de\/wp-content\/uploads\/2017\/10\/H2606-920000.jpg 640w, https:\/\/www.donhighend.de\/wp-content\/uploads\/2017\/10\/H2606-920000-150x150.jpg 150w, https:\/\/www.donhighend.de\/wp-content\/uploads\/2017\/10\/H2606-920000-300x300.jpg 300w\" sizes=\"auto, (max-width: 640px) 100vw, 640px\" \/>Scan Speak H2606\/920000<\/p>\n<p style=\"text-align: justify;\">Die 25mm Kalotte des preiswerten, aber feinen D\u00e4nen arbeitet auf einen kurzen Waveguide, der das B\u00fcndelungsverhalten des Hocht\u00f6ners an das des Tiefmittelt\u00f6ners angleicht. Seitliche Geh\u00e4usefasen, die das Chassis flankieren werden, beg\u00fcnstigen auch in seinem Bereich eine saubere Abstrahlung.<\/p>\n<p>Zun\u00e4chst die bereits in Xover eingef\u00fcgten Messungen der unbeschalteten Chassis:<\/p>\n<p style=\"text-align: center;\"><img loading=\"lazy\" decoding=\"async\" class=\"aligncenter size-full wp-image-5039\" src=\"https:\/\/www.donhighend.de\/wp-content\/uploads\/2017\/12\/TT-unbeschaltet.png\" alt=\"\" width=\"805\" height=\"552\" srcset=\"https:\/\/www.donhighend.de\/wp-content\/uploads\/2017\/12\/TT-unbeschaltet.png 805w, https:\/\/www.donhighend.de\/wp-content\/uploads\/2017\/12\/TT-unbeschaltet-300x206.png 300w, https:\/\/www.donhighend.de\/wp-content\/uploads\/2017\/12\/TT-unbeschaltet-768x527.png 768w\" sizes=\"auto, (max-width: 805px) 100vw, 805px\" \/>SBS-250F38AL01-04 unbeschaltet<\/p>\n<p style=\"text-align: justify;\">Die Messung des SBS-250F38AL01-04 zeigt, dass er einer der Kandidaten ist, die sich nur f\u00fcr sehr tiefe Trennungen im Mehrwegebetrieb, oder aber als reine Subwoofer eignen. In vorliegenden Fall des Seiteneinbaus, der eine tiefe Trennung zwingend voraussetzt, macht der zu hohen Frequenzen hin stark fallende Amplitudenverlauf teure Bauteile unn\u00f6tig.<\/p>\n<p><img loading=\"lazy\" decoding=\"async\" class=\"aligncenter size-full wp-image-5040\" src=\"https:\/\/www.donhighend.de\/wp-content\/uploads\/2017\/12\/TMT-unbeschaltet.png\" alt=\"\" width=\"807\" height=\"553\" srcset=\"https:\/\/www.donhighend.de\/wp-content\/uploads\/2017\/12\/TMT-unbeschaltet.png 807w, https:\/\/www.donhighend.de\/wp-content\/uploads\/2017\/12\/TMT-unbeschaltet-300x206.png 300w, https:\/\/www.donhighend.de\/wp-content\/uploads\/2017\/12\/TMT-unbeschaltet-768x526.png 768w\" sizes=\"auto, (max-width: 807px) 100vw, 807px\" \/><\/p>\n<p style=\"text-align: center;\">HDS-P830991 unbeschaltet (Nahfeldmessung bei 400 Hz angef\u00fcgt)<\/p>\n<p style=\"text-align: justify;\">Der HDS-P830991 gl\u00e4nzt in seinem Einsatzbereich ebenfalls mit einem quasi idealen Amplitudenverlauf ohne nennenswerte Auff\u00e4lligkeiten. Da eine recht tiefe \u00dcbernahmefrequenz von unter 2 kHz angestrebt wird, fallen die Resonanzartefakte oberhalb von 5 kHz bei sorgf\u00e4ltiger Besachaltung nicht mehr ins Gewicht.<\/p>\n<p><img loading=\"lazy\" decoding=\"async\" class=\"aligncenter size-full wp-image-5041\" src=\"https:\/\/www.donhighend.de\/wp-content\/uploads\/2017\/12\/HT-unbeschaltet.png\" alt=\"\" width=\"808\" height=\"553\" srcset=\"https:\/\/www.donhighend.de\/wp-content\/uploads\/2017\/12\/HT-unbeschaltet.png 808w, https:\/\/www.donhighend.de\/wp-content\/uploads\/2017\/12\/HT-unbeschaltet-300x205.png 300w, https:\/\/www.donhighend.de\/wp-content\/uploads\/2017\/12\/HT-unbeschaltet-768x526.png 768w\" sizes=\"auto, (max-width: 808px) 100vw, 808px\" \/><\/p>\n<p style=\"text-align: center;\">H2606\/920000 unbeschaltet<\/p>\n<p style=\"text-align: justify;\">Der Hocht\u00f6ner zeigt sich ebenfalls von seiner besten Seite. Eine akustische Trennung bei ca. 1,8 kHz sollte sich problemlos realisieren lassen.\u00a0 Da er ein recht lautes Kerlchen ist, wird er an den Schalldruck seiner Kollegen angepasst, was f\u00fcr zus\u00e4tzliche Pegelreserven bei der tiefen Trennung sorgen wird.<\/p>\n<p style=\"text-align: justify;\">W\u00e4hrend der Simulationsarbeit stellte sich heraus, dass die Beschaltung des Tiefmittelt\u00f6ners nicht ganz so trivial ausfallen sollte, wie ich es mir erw\u00fcnscht hatte. Bei der Anzahl der Weichenbauteile wollte ich dennoch keinen Verzicht auszu\u00fcben, denn in Anbetracht der ohnehin nicht ganz preiswerten Chassis und des angestrebten sauberen Abstrahlverhaltens, d\u00fcrfte dies eine sinnvolle Entscheidung sein. Das Simulationsergebnis kann sich jedenfalls sehen lassen. Die Darstellung umfasst, wie immer, die sehr aussagekr\u00e4ftige 50 dB Range und weist in diesem Fall eine Skalierung von 2 dB pro Linie auf.<\/p>\n<p style=\"text-align: center;\"><img loading=\"lazy\" decoding=\"async\" class=\"aligncenter size-full wp-image-5053\" src=\"https:\/\/www.donhighend.de\/wp-content\/uploads\/2017\/12\/Simu.png\" alt=\"\" width=\"842\" height=\"553\" srcset=\"https:\/\/www.donhighend.de\/wp-content\/uploads\/2017\/12\/Simu.png 842w, https:\/\/www.donhighend.de\/wp-content\/uploads\/2017\/12\/Simu-300x197.png 300w, https:\/\/www.donhighend.de\/wp-content\/uploads\/2017\/12\/Simu-768x504.png 768w\" sizes=\"auto, (max-width: 842px) 100vw, 842px\" \/>\u00a0Silent Runner Xover Simulation auf Achse mit Einzelzweigen<\/p>\n<p style=\"text-align: justify;\">Nun galt es, die Weiche zu stecken um in Messungen die Simulation der Silent Runner zu verifizieren, selbstverst\u00e4ndlich auch unter Winkeln und auch hier in der bew\u00e4hrten 50 dB Range, ohne Smoothing.<\/p>\n<p style=\"text-align: center;\"><img loading=\"lazy\" decoding=\"async\" class=\"aligncenter size-full wp-image-5055\" src=\"https:\/\/www.donhighend.de\/wp-content\/uploads\/2017\/12\/Silent-Runner-0\u00b0-90\u00b0.png\" alt=\"\" width=\"1024\" height=\"735\" srcset=\"https:\/\/www.donhighend.de\/wp-content\/uploads\/2017\/12\/Silent-Runner-0\u00b0-90\u00b0.png 1024w, https:\/\/www.donhighend.de\/wp-content\/uploads\/2017\/12\/Silent-Runner-0\u00b0-90\u00b0-300x215.png 300w, https:\/\/www.donhighend.de\/wp-content\/uploads\/2017\/12\/Silent-Runner-0\u00b0-90\u00b0-768x551.png 768w\" sizes=\"auto, (max-width: 1024px) 100vw, 1024px\" \/>Silent Runner Messung 0\u00b0 &#8211; 90\u00b0<\/p>\n<p style=\"text-align: justify;\">Die Silent Runner zeigt erwartungsgem\u00e4\u00df ein sehr sauberes Abstrahlverhalten. Die Software ARTA erm\u00f6glicht es, aus den einzelnen Kurven ein &#8222;Power Average&#8220; zu ermitteln, welches den Energiefrequenzgang des Lautsprechers darstellt.<\/p>\n<p style=\"text-align: center;\"><img loading=\"lazy\" decoding=\"async\" class=\"aligncenter size-full wp-image-5058\" src=\"https:\/\/www.donhighend.de\/wp-content\/uploads\/2017\/12\/Silent-Runner-0\u00b0-90\u00b0-Power-Average.png\" alt=\"\" width=\"1024\" height=\"735\" srcset=\"https:\/\/www.donhighend.de\/wp-content\/uploads\/2017\/12\/Silent-Runner-0\u00b0-90\u00b0-Power-Average.png 1024w, https:\/\/www.donhighend.de\/wp-content\/uploads\/2017\/12\/Silent-Runner-0\u00b0-90\u00b0-Power-Average-300x215.png 300w, https:\/\/www.donhighend.de\/wp-content\/uploads\/2017\/12\/Silent-Runner-0\u00b0-90\u00b0-Power-Average-768x551.png 768w\" sizes=\"auto, (max-width: 1024px) 100vw, 1024px\" \/>Silent Runner &#8222;Power Average&#8220; (Energiefrequenzgang) von 0\u00b0 &#8211; 90\u00b0<\/p>\n<p style=\"text-align: justify;\">Das Energieverhalten der Silent Runner l\u00e4sst keinerlei Raum f\u00fcr Kritik, wie auch das folgende auf 0\u00b0 normierte Sonogramm eindrucksvoll unter Beweis stellt.<\/p>\n<p><img loading=\"lazy\" decoding=\"async\" class=\"aligncenter size-full wp-image-5102\" src=\"https:\/\/www.donhighend.de\/wp-content\/uploads\/2017\/12\/silent-runner-sonogramm-website_823485.png\" alt=\"\" width=\"640\" height=\"454\" srcset=\"https:\/\/www.donhighend.de\/wp-content\/uploads\/2017\/12\/silent-runner-sonogramm-website_823485.png 640w, https:\/\/www.donhighend.de\/wp-content\/uploads\/2017\/12\/silent-runner-sonogramm-website_823485-300x213.png 300w\" sizes=\"auto, (max-width: 640px) 100vw, 640px\" \/><\/p>\n<p style=\"text-align: center;\">Silent Runner Sonogramm<\/p>\n<p style=\"text-align: justify;\">Bedingt durch die Tatsache, dass es sich beim SBS250F38AL01-04 um ein sehr niederohmiges 4 Ohm Exemplar mit einem Re von etwa 2 Ohm handelt, sinkt die Impedanz im Tieftonbereich unter die 4 Ohm Marke. Jeder &#8222;ordentliche&#8220; Verst\u00e4rker sollte damit spielend klar kommen. Nat\u00fcrlich sollte man darauf achten, dass der jeweilig zf\u00fcr den Einsatz vorgesehene\u00a0 Verst\u00e4rker hinreichend laststabil ist.<\/p>\n<p style=\"text-align: center;\"><img loading=\"lazy\" decoding=\"async\" class=\"aligncenter size-full wp-image-5062\" src=\"https:\/\/www.donhighend.de\/wp-content\/uploads\/2017\/12\/Silent-Runner-Impedanz.png\" alt=\"\" width=\"884\" height=\"599\" srcset=\"https:\/\/www.donhighend.de\/wp-content\/uploads\/2017\/12\/Silent-Runner-Impedanz.png 884w, https:\/\/www.donhighend.de\/wp-content\/uploads\/2017\/12\/Silent-Runner-Impedanz-300x203.png 300w, https:\/\/www.donhighend.de\/wp-content\/uploads\/2017\/12\/Silent-Runner-Impedanz-768x520.png 768w\" sizes=\"auto, (max-width: 884px) 100vw, 884px\" \/>Silent Runner Impedanzverlauf<\/p>\n<p style=\"text-align: justify;\">Die hohe Qualit\u00e4t der Peerless bzw. Scan-Speak Chassis spiegelt sich auch im Klirrverhalten der Silent Runner wider.<\/p>\n<p style=\"text-align: center;\"><img loading=\"lazy\" decoding=\"async\" class=\"aligncenter size-full wp-image-5064\" src=\"https:\/\/www.donhighend.de\/wp-content\/uploads\/2017\/12\/Klirr@85dB.png\" alt=\"\" width=\"894\" height=\"607\" srcset=\"https:\/\/www.donhighend.de\/wp-content\/uploads\/2017\/12\/Klirr@85dB.png 894w, https:\/\/www.donhighend.de\/wp-content\/uploads\/2017\/12\/Klirr@85dB-300x204.png 300w, https:\/\/www.donhighend.de\/wp-content\/uploads\/2017\/12\/Klirr@85dB-768x521.png 768w\" sizes=\"auto, (max-width: 894px) 100vw, 894px\" \/>Silent Runner Klirr @ 85 dB<\/p>\n<p style=\"text-align: center;\"><img loading=\"lazy\" decoding=\"async\" class=\"aligncenter size-full wp-image-5065\" src=\"https:\/\/www.donhighend.de\/wp-content\/uploads\/2017\/12\/Klirr@90dB.png\" alt=\"\" width=\"893\" height=\"613\" srcset=\"https:\/\/www.donhighend.de\/wp-content\/uploads\/2017\/12\/Klirr@90dB.png 893w, https:\/\/www.donhighend.de\/wp-content\/uploads\/2017\/12\/Klirr@90dB-300x206.png 300w, https:\/\/www.donhighend.de\/wp-content\/uploads\/2017\/12\/Klirr@90dB-768x527.png 768w\" sizes=\"auto, (max-width: 893px) 100vw, 893px\" \/>Silent Runner Klirr @ 90 dB<\/p>\n<p style=\"text-align: justify;\">Die Weichenschaltung der Silent Runner ist nicht mehr ganz trivial. Jedoch ist sie dem Preis des Projekts absolut angemessen.<\/p>\n<p style=\"text-align: center;\"><img loading=\"lazy\" decoding=\"async\" class=\"aligncenter size-full wp-image-5067\" src=\"https:\/\/www.donhighend.de\/wp-content\/uploads\/2017\/12\/Silent-Runner-Weiche-final.png\" alt=\"\" width=\"747\" height=\"633\" srcset=\"https:\/\/www.donhighend.de\/wp-content\/uploads\/2017\/12\/Silent-Runner-Weiche-final.png 747w, https:\/\/www.donhighend.de\/wp-content\/uploads\/2017\/12\/Silent-Runner-Weiche-final-300x254.png 300w\" sizes=\"auto, (max-width: 747px) 100vw, 747px\" \/>Silent Runner Weichenschaltung<\/p>\n<p>&nbsp;<\/p>\n<p style=\"text-align: justify;\">Inzwischen ist eine Zeit vergangen, und an manchen Stellen haben sich wirklichkeitsfremde Flatulenzen hinsichtlich des Abstrahlverhaltens der Silent Runner breit gemacht. Einen wirklich guten und durchdachten Lautsprecher k\u00f6nnen aber 1000 miese Worte nicht schlecht reden.<\/p>\n<p>Hier ist er nun, der Bauplan:<img loading=\"lazy\" decoding=\"async\" class=\"aligncenter size-full wp-image-5166\" src=\"https:\/\/www.donhighend.de\/wp-content\/uploads\/2018\/01\/Bauplan-Entwurf.jpg\" alt=\"\" width=\"1600\" height=\"1200\" srcset=\"https:\/\/www.donhighend.de\/wp-content\/uploads\/2018\/01\/Bauplan-Entwurf.jpg 1600w, https:\/\/www.donhighend.de\/wp-content\/uploads\/2018\/01\/Bauplan-Entwurf-300x225.jpg 300w, https:\/\/www.donhighend.de\/wp-content\/uploads\/2018\/01\/Bauplan-Entwurf-768x576.jpg 768w, https:\/\/www.donhighend.de\/wp-content\/uploads\/2018\/01\/Bauplan-Entwurf-1024x768.jpg 1024w\" sizes=\"auto, (max-width: 1600px) 100vw, 1600px\" \/><\/p>\n<p style=\"text-align: center;\">Bau- und Bed\u00e4mpfungsplan &#8222;Silent Runner&#8220;<\/p>\n<p>&nbsp;<\/p>\n<p><img loading=\"lazy\" decoding=\"async\" class=\"aligncenter size-full wp-image-5168\" src=\"https:\/\/www.donhighend.de\/wp-content\/uploads\/2018\/01\/Verstrebungen.jpg\" alt=\"\" width=\"800\" height=\"601\" srcset=\"https:\/\/www.donhighend.de\/wp-content\/uploads\/2018\/01\/Verstrebungen.jpg 800w, https:\/\/www.donhighend.de\/wp-content\/uploads\/2018\/01\/Verstrebungen-300x225.jpg 300w, https:\/\/www.donhighend.de\/wp-content\/uploads\/2018\/01\/Verstrebungen-768x577.jpg 768w\" sizes=\"auto, (max-width: 800px) 100vw, 800px\" \/><\/p>\n<p style=\"text-align: center;\">Detail Verstrebungen<\/p>\n<p>Ich w\u00fcnsche viel Spa\u00df beim Nachbau&#8230; \ud83d\ude42<\/p>\n<p style=\"text-align: justify;\">Die Baupl\u00e4ne sind f\u00fcr private Nutzung freigegeben. Jegliche Form der gewerblichen Nutzung oder Verbreitung ohne vorherige Absprache ist untersagt und wird strafrechtlich verfolgt.<\/p>\n<p>&nbsp;<\/p>\n<p>User Vangart urteilt am 24.05.2018 im HiFi Forum<\/p>\n<blockquote>\n<h5 style=\"text-align: justify;\"><em><span style=\"color: #ff6600;\">Frei jeglicher Erwartungshaltung und ganz unbefangen lie\u00dfen wir die <b>Silent Runner<\/b> ihre Arbeit verrichten. Bereits bei den ersten T\u00f6nen fiel mir die \u00fcberraschend gute Aufl\u00f6sung des Scan-Speak-Hocht\u00f6ners auf. Auch der Rest des Klangspektrums &#8211; darunter die nat\u00fcrliche Stimmwiedergabe &#8211; wusste auf Anhieb zu gefallen. Mein Arbeitskollege empfand das sogar folgenderma\u00dfen. Er gab w\u00e4hrend des H\u00f6rens nicht einen Mucks von sich und starrte wie unter Hypnose in Richtung der Schallquellen. Und pl\u00f6tzlich brach es aus ihm heraus: \u201eLeute, ich wei\u00df nicht, wie es euch ergeht, aber ich bin total geflasht von den Dingern!\u201c Es stellte sich heraus, dass die Silent Runner genau dem entsprach, was er von seinem Ideal eines Lautsprechers erwartete. Und so stand &#8211; bevor die LYC \u00fcberhaupt ihre Chance erhielt &#8211; bereits nach kurzer Zeit fest, dass sich diese Konstruktion k\u00fcnftig in seinem Wohnzimmer wiederfinden w\u00fcrde. Selbst die von Alex eingebrachte Info, dass die Subwoofer-Treiber nicht mehr offiziell erh\u00e4ltlich seien, konnte ihn nicht von seinem Vorhaben abbringen. Die Frage nach dem P\/L-Verh\u00e4ltnis sollte sich damit er\u00fcbrigt haben.<\/span><\/em><\/h5>\n<\/blockquote>\n<p>&nbsp;<\/p>\n<p>&nbsp;<\/p>\n<p>&nbsp;<\/p>\n<p>&nbsp;<\/p>\n<p>&nbsp;<\/p>\n<p>&nbsp;<\/p>\n","protected":false},"excerpt":{"rendered":"<p>&nbsp; &nbsp; Zuweilen bekommt man Chassis in die Hand, die von der ersten Sekunde an einen gewissen Reiz verspr\u00fchen. Genau so erging es mir, als Nico Germanos von\u00a0Quint Audio den Peerless SBS-250F38AL01-04\u00a0 aus dem Hause Tymphany auf den Tisch legte. &#8222;Irgendwie vollkommen unkonventionell&#8220; dachte ich, als ich den 10-Z\u00f6ller mit seiner dezent matten Alumembran und &hellip; <\/p>\n<p><a class=\"more-link btn\" href=\"https:\/\/www.donhighend.de\/?page_id=4915\">Weiterlesen<\/a><\/p>\n","protected":false},"author":1,"featured_media":5918,"parent":1709,"menu_order":976,"comment_status":"open","ping_status":"closed","template":"","meta":{"footnotes":""},"class_list":["post-4915","page","type-page","status-publish","has-post-thumbnail","hentry","nodate","item-wrap"],"_links":{"self":[{"href":"https:\/\/www.donhighend.de\/index.php?rest_route=\/wp\/v2\/pages\/4915","targetHints":{"allow":["GET"]}}],"collection":[{"href":"https:\/\/www.donhighend.de\/index.php?rest_route=\/wp\/v2\/pages"}],"about":[{"href":"https:\/\/www.donhighend.de\/index.php?rest_route=\/wp\/v2\/types\/page"}],"author":[{"embeddable":true,"href":"https:\/\/www.donhighend.de\/index.php?rest_route=\/wp\/v2\/users\/1"}],"replies":[{"embeddable":true,"href":"https:\/\/www.donhighend.de\/index.php?rest_route=%2Fwp%2Fv2%2Fcomments&post=4915"}],"version-history":[{"count":86,"href":"https:\/\/www.donhighend.de\/index.php?rest_route=\/wp\/v2\/pages\/4915\/revisions"}],"predecessor-version":[{"id":5920,"href":"https:\/\/www.donhighend.de\/index.php?rest_route=\/wp\/v2\/pages\/4915\/revisions\/5920"}],"up":[{"embeddable":true,"href":"https:\/\/www.donhighend.de\/index.php?rest_route=\/wp\/v2\/pages\/1709"}],"wp:featuredmedia":[{"embeddable":true,"href":"https:\/\/www.donhighend.de\/index.php?rest_route=\/wp\/v2\/media\/5918"}],"wp:attachment":[{"href":"https:\/\/www.donhighend.de\/index.php?rest_route=%2Fwp%2Fv2%2Fmedia&parent=4915"}],"curies":[{"name":"wp","href":"https:\/\/api.w.org\/{rel}","templated":true}]}}