{"id":426,"date":"2010-12-16T17:30:22","date_gmt":"2010-12-16T17:30:22","guid":{"rendered":"http:\/\/www.donhighend.de\/?page_id=426"},"modified":"2025-03-11T18:09:07","modified_gmt":"2025-03-11T17:09:07","slug":"dow","status":"publish","type":"page","link":"https:\/\/www.donhighend.de\/?page_id=426","title":{"rendered":"DoW (Klangsieger DIY-Lautsprecher-Contest 2009)"},"content":{"rendered":"<p>&nbsp;<\/p>\n<p><a href=\"https:\/\/www.donhighend.de\/wp-content\/uploads\/2010\/12\/DoW-Portr\u00e4t-transparent1.gif\"><img loading=\"lazy\" decoding=\"async\" class=\"aligncenter size-full wp-image-564\" title=\"DoW Portr\u00e4t transparent\" src=\"https:\/\/www.donhighend.de\/wp-content\/uploads\/2010\/12\/DoW-Portr\u00e4t-transparent1.gif\" alt=\"\" width=\"350\" height=\"532\" srcset=\"https:\/\/www.donhighend.de\/wp-content\/uploads\/2010\/12\/DoW-Portr\u00e4t-transparent1.gif 350w, https:\/\/www.donhighend.de\/wp-content\/uploads\/2010\/12\/DoW-Portr\u00e4t-transparent1-197x300.gif 197w\" sizes=\"auto, (max-width: 350px) 100vw, 350px\" \/><\/a>Eigentlich mache ich es ja nie, aber vor einigen Jahren wurde ein Lautsprecherbausatz vorgestellt, dessen Konzept mich sowohl von der Auswahl der Chassis, als auch von der optischen Gestaltung mehr als einfach nur reizte. Entgegen meiner grunds\u00e4tzlichen Vorgehensweise\u00a0 keine fertigen Baus\u00e4tze aufzubauen, wurde ich in diesem Falle schwach.<\/p>\n<p style=\"text-align: justify;\">\u00dcber Geschmack l\u00e4sst sich bekannterma\u00dfen nicht streiten, und selbst der eigene Geschmack ver\u00e4ndert sich im Laufe der Jahre immer wieder. So erging es mir auch mit meinen Lautsprechern. Die Optik wollte sich nicht mehr mit meinen Vorstellungen an gelungenes Design decken, ebenso erging es mir beim Klang, welcher zwar grunds\u00e4tzlich nicht schlecht war, aber eben an einigen Ecken und Kanten, meiner Meinung nach, nicht das Optimum darstellte. Vor allem der Bass neigte bei vielen Musikst\u00fccken zum Wummern und Dr\u00f6hnen.<\/p>\n<p style=\"text-align: justify;\">Was k\u00f6nnte man also besser machen, ohne in neue Chassis zu investieren? Die verwendeten befinden sich in einwandfreiem Zustand und sind allgemeing\u00fcltig als von h\u00f6chster Qualit\u00e4t zu bezeichnen. Lange \u00dcberlegungen, Lesen in vielen Fachartikeln und Unmengen von Simulationen f\u00fchrten letztlich zu einem vollkommen neuen Lautsprecherpaar, welches ausser den Chassis nichts mit dem originalen Bausatz gemein hat.<\/p>\n<p style=\"text-align: justify;\">Es galt also, viele Ver\u00e4nderungen unter einen Hut zu bringen und gleichzeitig die Qualit\u00e4t des neuen Lautsprecherpaares zu verbessern. Kleiner, sch\u00f6ner, besser \u2013 Das waren die Vorgaben zu Beginn des Projektes. Ein sehr hoch gestecktes Ziel\u2026<\/p>\n<p style=\"text-align: justify;\">Da war als erstes der 28cm durchmessende Tieft\u00f6ner,<\/p>\n<p style=\"text-align: center;\"><img loading=\"lazy\" decoding=\"async\" class=\"aligncenter size-full wp-image-4959\" src=\"https:\/\/www.donhighend.de\/wp-content\/uploads\/2010\/12\/Eton-11_581-HEX.jpg\" alt=\"\" width=\"640\" height=\"584\" srcset=\"https:\/\/www.donhighend.de\/wp-content\/uploads\/2010\/12\/Eton-11_581-HEX.jpg 640w, https:\/\/www.donhighend.de\/wp-content\/uploads\/2010\/12\/Eton-11_581-HEX-300x274.jpg 300w\" sizes=\"auto, (max-width: 640px) 100vw, 640px\" \/>Eton 11-581\/50 HEX<\/p>\n<p style=\"text-align: justify;\">dessen Bedarf nach Volumen zwar nicht riesig ist. Aber rund 70 Liter in eine gef\u00e4llige Form zu bringen ist kaum m\u00f6glich. Zudem mag der 17er Tiefmittelt\u00f6ner ja auch nach Luft schnappen. Ein paar Verstrebungen sollten auch hinzu kommen und auch der Hocht\u00f6ner erfordert Platz, selbst wenn das Volumen hinter ihm ungenutzt bleibt. Alles in allem kommen 85-90 Liter zustande. Zuviel f\u00fcr meinen Anspruch an Design und sicher erst recht, f\u00fcr den WAF, mit dem ich Gott sei Dank keinerlei Probleme habe. Es musste also eine andere L\u00f6sung her. Einige Simulationen sp\u00e4ter stand fest, dass der Tieft\u00f6ner auf die Seite wandert, rund 30 Liter Luft zu verdr\u00e4ngen hat und daf\u00fcr die Hilfe eines GHP-Kondensators in Anspruch nehmen darf. AJHorn versprach mir daf\u00fcr eine untere Grenzfrequenz im Bereich von 35 Hz, was unter HiFi Gesichtspunkten mehr als ausreichend ist.<\/p>\n<p style=\"text-align: justify;\">Es entstanden Geh\u00e4use im Format 99 x 36 x 24 cm, in meinen Augen sieht das nach gef\u00e4lligen schlanken Standboxen aus. Werden die vorderen Geh\u00e4usekanten noch angefast, ist zumindest optisch\u00a0 alles in trockenen T\u00fcchern.<\/p>\n<p style=\"text-align: justify;\">Im n\u00e4chsten Schritt wurden die Chassis im Geh\u00e4use gemessen und Boxsim mit den so gewonnen Messdaten gef\u00fcttert. Erstaunlich schnell war ein ziemlich glatter Frequenzgang simuliert. Der Tieft\u00f6ner erhielt einen 12dB Tiefpass, welcher durch die Unterst\u00fctzung eines Saugkreises und einer somit korrekten Entzerrung zu einem glatten Frequenzgang mit extrem sauber abfallender Flanke f\u00fchrt. Diese ergibt mit dem ebenfalls in 12dB ausgef\u00fchrten Hochpass vor dem Tiefmittelt\u00f6ner eine sehr saubere Addition bei ca. 150Hz. Nach oben wird der 17er Tiefmittelt\u00f6ner<\/p>\n<p style=\"text-align: center;\"><a href=\"https:\/\/www.donhighend.de\/wp-content\/uploads\/2010\/12\/Eton-7-360.jpg\"><img loading=\"lazy\" decoding=\"async\" class=\"aligncenter size-full wp-image-2719\" src=\"https:\/\/www.donhighend.de\/wp-content\/uploads\/2010\/12\/Eton-7-360.jpg\" alt=\"Eton 7-360\" width=\"500\" height=\"500\" srcset=\"https:\/\/www.donhighend.de\/wp-content\/uploads\/2010\/12\/Eton-7-360.jpg 500w, https:\/\/www.donhighend.de\/wp-content\/uploads\/2010\/12\/Eton-7-360-150x150.jpg 150w, https:\/\/www.donhighend.de\/wp-content\/uploads\/2010\/12\/Eton-7-360-300x300.jpg 300w\" sizes=\"auto, (max-width: 500px) 100vw, 500px\" \/><\/a>Eton 7-360\/37 HEX<\/p>\n<p style=\"text-align: justify;\">mit einem 18dB Tiefpass bei etwa 2300Hz mit sauber abfallender Flanke getrennt. Diese Schaltungsvariante macht zum einen eine Entzerrung der Membranresonanzen, die der Treiber oberhalb von 3kHz produziert, \u00fcberfl\u00fcssig. Zum zweiten bremst sie den Wirkungsgrad so, dass ein Spannungsteiler quasi entfallen kann. Wer es etwas sanfter mag, kann dem Tiefpass des TMT einen Widerstand von 1 \u2013 1,5 Ohm nachschalten. Mit einem Hochpass, welcher ebenfalls 18dB Charakteristik aufweist, wird der\u00a0Hocht\u00f6ner<\/p>\n<p style=\"text-align: center;\"><a href=\"https:\/\/www.donhighend.de\/wp-content\/uploads\/2010\/12\/Eton-ER4.jpg\"><img loading=\"lazy\" decoding=\"async\" class=\"aligncenter size-full wp-image-2720\" src=\"https:\/\/www.donhighend.de\/wp-content\/uploads\/2010\/12\/Eton-ER4.jpg\" alt=\"Eton ER4\" width=\"400\" height=\"400\" srcset=\"https:\/\/www.donhighend.de\/wp-content\/uploads\/2010\/12\/Eton-ER4.jpg 400w, https:\/\/www.donhighend.de\/wp-content\/uploads\/2010\/12\/Eton-ER4-150x150.jpg 150w, https:\/\/www.donhighend.de\/wp-content\/uploads\/2010\/12\/Eton-ER4-300x300.jpg 300w\" sizes=\"auto, (max-width: 400px) 100vw, 400px\" \/><span style=\"color: #000000;\">Eton ER4<\/span><\/a><\/p>\n<p style=\"text-align: justify;\">sauber angekoppelt. Auch bei diesem kann, je nach H\u00f6rgeschmack oder Abh\u00f6rraum, ein Spannungsteiler v\u00f6llig entfallen. Die in den Mittel- und Hochtonzweigen enthaltenen Reihenwiderst\u00e4nde sind lediglich als Modifikationsempfehlung bei wenig bed\u00e4mpften H\u00f6rraumen zu verstehen.<\/p>\n<p>&nbsp;<\/p>\n<p><a href=\"https:\/\/www.donhighend.de\/wp-content\/uploads\/2010\/12\/Weichenplan3.jpg\"><img loading=\"lazy\" decoding=\"async\" class=\"aligncenter size-full wp-image-2927\" src=\"https:\/\/www.donhighend.de\/wp-content\/uploads\/2010\/12\/Weichenplan3.jpg\" alt=\"Weichenplan\" width=\"762\" height=\"476\" srcset=\"https:\/\/www.donhighend.de\/wp-content\/uploads\/2010\/12\/Weichenplan3.jpg 762w, https:\/\/www.donhighend.de\/wp-content\/uploads\/2010\/12\/Weichenplan3-300x187.jpg 300w\" sizes=\"auto, (max-width: 762px) 100vw, 762px\" \/><\/a><\/p>\n<p>Der Bauplan (Ich verspreche, hier irgendwann mal einen besseren Plan einzustellen)<\/p>\n<p><a href=\"https:\/\/www.donhighend.de\/wp-content\/uploads\/2010\/12\/Bauplan.jpg\"><img loading=\"lazy\" decoding=\"async\" class=\"aligncenter size-full wp-image-2931\" src=\"https:\/\/www.donhighend.de\/wp-content\/uploads\/2010\/12\/Bauplan.jpg\" alt=\"Bauplan\" width=\"972\" height=\"1568\" srcset=\"https:\/\/www.donhighend.de\/wp-content\/uploads\/2010\/12\/Bauplan.jpg 972w, https:\/\/www.donhighend.de\/wp-content\/uploads\/2010\/12\/Bauplan-186x300.jpg 186w, https:\/\/www.donhighend.de\/wp-content\/uploads\/2010\/12\/Bauplan-635x1024.jpg 635w\" sizes=\"auto, (max-width: 972px) 100vw, 972px\" \/><\/a><span style=\"color: #ff0000;\">Wichtig: An den Seiten der Schallwand sind 45\u00b0 Fasen in Materialst\u00e4rke anzubringen.<\/span><\/p>\n<p>Nachfolgend einige Messungen des <strong><span style=\"color: #ff0000;\">DoW<\/span><\/strong><\/p>\n<p><a href=\"https:\/\/www.donhighend.de\/wp-content\/uploads\/2010\/12\/DoW-Abstrahlverhalten1.jpg\"><img loading=\"lazy\" decoding=\"async\" class=\"aligncenter size-medium wp-image-485\" title=\"DoW Abstrahlverhalten\" src=\"https:\/\/www.donhighend.de\/wp-content\/uploads\/2010\/12\/DoW-Abstrahlverhalten1-300x225.jpg\" alt=\"\" width=\"300\" height=\"225\" srcset=\"https:\/\/www.donhighend.de\/wp-content\/uploads\/2010\/12\/DoW-Abstrahlverhalten1-300x225.jpg 300w, https:\/\/www.donhighend.de\/wp-content\/uploads\/2010\/12\/DoW-Abstrahlverhalten1.jpg 640w\" sizes=\"auto, (max-width: 300px) 100vw, 300px\" \/><\/a><a href=\"https:\/\/www.donhighend.de\/wp-content\/uploads\/2010\/12\/DoW-Flanken-TT-+-TMT.jpg\"><img loading=\"lazy\" decoding=\"async\" class=\"aligncenter size-medium wp-image-483\" title=\"DoW Flanken TT + TMT\" src=\"https:\/\/www.donhighend.de\/wp-content\/uploads\/2010\/12\/DoW-Flanken-TT-+-TMT-300x225.jpg\" alt=\"\" width=\"300\" height=\"225\" \/><\/a><a href=\"https:\/\/www.donhighend.de\/wp-content\/uploads\/2010\/12\/DoW-Ausschwingverhalten1.jpg\"><img loading=\"lazy\" decoding=\"async\" class=\"aligncenter size-medium wp-image-486\" title=\"DoW Ausschwingverhalten\" src=\"https:\/\/www.donhighend.de\/wp-content\/uploads\/2010\/12\/DoW-Ausschwingverhalten1-300x225.jpg\" alt=\"\" width=\"300\" height=\"225\" srcset=\"https:\/\/www.donhighend.de\/wp-content\/uploads\/2010\/12\/DoW-Ausschwingverhalten1-300x225.jpg 300w, https:\/\/www.donhighend.de\/wp-content\/uploads\/2010\/12\/DoW-Ausschwingverhalten1.jpg 1024w\" sizes=\"auto, (max-width: 300px) 100vw, 300px\" \/><\/a><a href=\"https:\/\/www.donhighend.de\/wp-content\/uploads\/2010\/12\/DoW-Ausschwingverhalten1.jpg\"><br \/>\n<\/a><a href=\"https:\/\/www.donhighend.de\/wp-content\/uploads\/2010\/12\/DoW-Klirrverhalten.jpg\"><img loading=\"lazy\" decoding=\"async\" class=\"aligncenter size-medium wp-image-482\" title=\"DoW Klirrverhalten\" src=\"https:\/\/www.donhighend.de\/wp-content\/uploads\/2010\/12\/DoW-Klirrverhalten-300x225.jpg\" alt=\"\" width=\"300\" height=\"225\" \/><\/a><\/p>\n<p>&nbsp;<\/p>\n<p style=\"text-align: justify;\">Die Messungen wurden im Rahmen der Entwicklung als Contestlautsprecher 2009 der HSG-Rhein und Ruhr von Christoph Gebhard durchgef\u00fchrt.<\/p>\n<p style=\"text-align: justify;\">Die Lautsprecher mit der Weiche, die mit den Werten dieser Simulation in der Nacht vom 21. zum 22. August 2009 entstanden, durften einige Zeitgenossen w\u00e4hrend der K&amp;T H\u00f6rsession am 22. August h\u00f6ren. Es war erstaunlich, in manch verdutzt dreinschauendes Gesicht blicken zu k\u00f6nnen.<\/p>\n<p style=\"text-align: justify;\">Inzwischen wurde die Weiche noch \u00fcberarbeitet und leicht ver\u00e4ndert, das Konzept der Schaltungstopologie entspricht aber dem der Simulation.<\/p>\n<p style=\"text-align: justify;\">Entstanden sind zwei sch\u00f6n anzusehende und wohlt\u00f6nende Lautsprecher.<\/p>\n<p style=\"text-align: justify;\">Das <strong>\u201e<span style=\"color: #ff0000;\">D<\/span>uett <span style=\"color: #ff0000;\">o<\/span>hne <span style=\"color: #ff0000;\">W<\/span>ummern\u201c<\/strong><\/p>\n<p style=\"text-align: justify;\"><a href=\"http:\/\/www.hifi-selbstbau.de\/index.php?option=com_content&amp;view=article&amp;id=320&amp;Itemid=111\" target=\"_blank\" rel=\"noopener noreferrer\">Bericht \u00fcber den DIY-Lautsprecher-Contest 2009 bei HiFi-Selbstbau<\/a><\/p>\n<p style=\"text-align: justify;\">aus welchem das <span style=\"color: #ff0000;\"><strong><span style=\"color: #ff0000;\">D<\/span><span style=\"color: #ff0000;\">o<\/span><span style=\"color: #ff0000;\">W<\/span><\/strong><\/span> als Klangsieger hervorging.<\/p>\n<p style=\"text-align: justify;\">Die Baupl\u00e4ne sind f\u00fcr private Nutzung freigegeben. Jegliche Form der gewerblichen Nutzung oder Verbreitung ohne vorherige Absprache ist untersagt und wird strafrechtlich verfolgt.<\/p>\n<p style=\"text-align: justify;\"><span style=\"color: #ffffff;\">fff<\/span><\/p>\n<p style=\"text-align: justify;\">DIY-HiFi-Forum User Christoph Gebhard schreibt zum Prototyp des DoW<\/p>\n<blockquote>\n<h5 style=\"text-align: justify;\"><em><span style=\"color: #ff6600;\">Hallo,<\/span><\/em><\/h5>\n<h5 style=\"text-align: justify;\"><em><span style=\"color: #ff6600;\"> ich hatte die Box ja auch ein paar Tage in den eigenen vier W\u00e4nden. Hier ein kleiner Klangbericht von mir, der aber VOR der Feinabstimmung und der Verfeinerung durch High-End-Bauteile entstanden ist:<\/span><\/em><\/h5>\n<h5 style=\"text-align: justify;\"><em><span style=\"color: #ff6600;\"> Insgesamt sehr gut, allerdings haben mich die Klangeigenschaften jetzt nicht sonderlich \u00fcberrascht oder aus den Socken gehauen, sie sind halt genau so gut, wie man es vom Material und der konzeptionellen Auslegung bei einer sauberen Abstimmung erwarten kann.<\/span><\/em><br \/>\n<em><span style=\"color: #ff6600;\"> Tonal erkenne ich eine leichte Loudness-Abstimmung, oberer Hochton etwas zu laut, Bass auch, Grundton und unterer Mitteton eher etwas zur\u00fcckhaltend. Das sind aber nur Nuancen und je nach pers\u00f6nlichem Geschmack und Raum kann das so aber auch passen. <\/span><\/em><br \/>\n<em><span style=\"color: #ff6600;\"> Insgesamt ist die Abstimmung f\u00fcr den ersten Weichenversuch sehr gut geworden, vor allem die Anbindung des Seitenbasses (&#8222;Bass innen&#8220; klingt bei mir homogener). <\/span><\/em><br \/>\n<em><span style=\"color: #ff6600;\"> Die R\u00e4umlichkeit ist eher ausufernd-luftig als fokussiert-kompakt, IMHO typisch f\u00fcr breitstrahlende Sachen, trotzdem funktioniert das auch in meinem Raum sehr gut. <\/span><\/em><br \/>\n<em><span style=\"color: #ff6600;\"> Das Klangbild ist etwas distanzierter-weitr\u00e4umiger und nicht so plastisch-direkt in die Fresse wie SFU, D\u00b4Appo oder Lautsprecher mit Schallf\u00fchrungen. Von besser oder schlechter m\u00f6chte ich nicht sprechen, nur anders.<\/span><\/em><br \/>\n<em><span style=\"color: #ff6600;\"> Der Hochton ist ER4-typisch mehr luftig-seidig als musikalisch-smooth, der Bass eher schnalzig-punchend als knackig-trocken, aber insgesamt sehr angenehm und besser als bei der Original (zumindest in kleinen R\u00e4umen).<\/span><\/em><br \/>\n<em><span style=\"color: #ff6600;\"> Feindynamisch sind alle Etons sehr gut, grobdynamisch geht`s auch m\u00e4chtig ab, b\u00fcndelnde PA-Sachen legen aber noch ne Sch\u00fcppe drauf.<\/span><\/em><\/h5>\n<h5 style=\"text-align: justify;\"><em><span style=\"color: #ff6600;\"> Gru\u00df, Christoph<\/span><\/em><\/h5>\n<\/blockquote>\n<p>&nbsp;<\/p>\n<p>Ein weiterer Kommentar von Christoph Gebhard. Zur finalen Version schreibt er:<\/p>\n<blockquote>\n<h5 style=\"text-align: justify;\"><span style=\"color: #ff6600;\"><em>Hallo,<\/em><\/span><\/h5>\n<h5 style=\"text-align: justify;\"><span style=\"color: #ff6600;\"><em>im Gegensatz zur Duetta arbeitet die Weiche der DOW wenigstens auf eine sauber linearisierte Impedanz ohne Aufbuckeln und sonstige &#8222;Schweinereien&#8220;, mit denen Udo da unten eine linearen Frequenzgang &#8222;zaubert&#8220;. Da ist es erstmal gleichg\u00fcltig ob Seitenbass oder Frontbass.<\/em><\/span><br \/>\n<span style=\"color: #ff6600;\"><em>Ich habe die DOW in meinen eigenen vier W\u00e4nden intensiv geh\u00f6rt und kenne die Duetta aus vier verschiedenen H\u00f6rtests. Au\u00dfer in Udos Ladenlokal wummerte die Duetta \u00fcberall, mal mehr, mal weniger.<\/em><\/span><br \/>\n<span style=\"color: #ff6600;\"><em>Die DOW spielt im Bass bestimmt nicht 100%ig ehrlich, l\u00e4sst sich aber auch wandnah oder in kleineren R\u00e4umen betrieben.<\/em><\/span><\/h5>\n<\/blockquote>\n<p>&nbsp;<\/p>\n<p>Z. schreibt zum DoW<\/p>\n<blockquote>\n<h5 style=\"text-align: justify;\"><span style=\"color: #ff6600;\"><em>Hi!<\/em><\/span><\/h5>\n<h5 style=\"text-align: justify;\"><span style=\"color: #ff6600;\"><em>Da die DoW auch am Contest teilgenommen hat, gibt es Messchriebe und eine Einsch\u00e4tzung bei Hifi-Selbstbau: <\/em><\/span><\/h5>\n<h5 style=\"text-align: justify;\"><span style=\"color: #ff6600;\"><em><span style=\"color: #0000ff;\"><a style=\"color: #0000ff;\" href=\"http:\/\/www.hifi-selbstbau.de\/index.php?option=com_content&amp;view=article&amp;id=320:3-forentreffen-und-contest-des-diy-hifi-forums-&amp;catid=59:forentreffen&amp;Itemid=111\" target=\"_blank\" rel=\"noopener\">Beitrag bei HiFi Selbstbau<\/a><\/span><\/em><\/span><\/h5>\n<h5 style=\"text-align: justify;\"><span style=\"color: #ff6600;\"><em>Ist halt Geschmackssache. Ich habe die DOW w\u00e4hrend des Contests und w\u00e4hrend der HMW oft genug geh\u00f6rt. Bass hat sie ausreichend. <\/em><\/span><span style=\"color: #ff6600;\"><em>Die wichtigesten \u00c4anderungen kann Dir Alex (Nick hier im Forum: donhighend) bestimmt nennen. <\/em><\/span><span style=\"color: #ff6600;\"><em>Neben dem geschlossenen Seitenbass ist die wohl gravierendste \u00c4nderung, dass die Duetta eigentlich eine 2-1\/2 Wege Box ist und die DoW eine reinrassige 3-Wege-Box.<\/em><\/span><\/h5>\n<h5 style=\"text-align: justify;\"><span style=\"color: #ff6600;\"><em>Und bevor mich jetzt jemand fragt, wie ich die DoW finde: Gut! Allerdings bin ich bekennender ER4-Verweigerer &#8211; ich mag ihn einfach nicht! Auch wenn er zugegeben sehr luftig spielt.<\/em><\/span><\/h5>\n<\/blockquote>\n","protected":false},"excerpt":{"rendered":"<p>&nbsp; Eigentlich mache ich es ja nie, aber vor einigen Jahren wurde ein Lautsprecherbausatz vorgestellt, dessen Konzept mich sowohl von der Auswahl der Chassis, als auch von der optischen Gestaltung mehr als einfach nur reizte. Entgegen meiner grunds\u00e4tzlichen Vorgehensweise\u00a0 keine fertigen Baus\u00e4tze aufzubauen, wurde ich in diesem Falle schwach. \u00dcber Geschmack l\u00e4sst sich bekannterma\u00dfen nicht &hellip; <\/p>\n<p><a class=\"more-link btn\" href=\"https:\/\/www.donhighend.de\/?page_id=426\">Weiterlesen<\/a><\/p>\n","protected":false},"author":1,"featured_media":5116,"parent":1709,"menu_order":999,"comment_status":"open","ping_status":"closed","template":"","meta":{"footnotes":""},"class_list":["post-426","page","type-page","status-publish","has-post-thumbnail","hentry","nodate","item-wrap"],"_links":{"self":[{"href":"https:\/\/www.donhighend.de\/index.php?rest_route=\/wp\/v2\/pages\/426","targetHints":{"allow":["GET"]}}],"collection":[{"href":"https:\/\/www.donhighend.de\/index.php?rest_route=\/wp\/v2\/pages"}],"about":[{"href":"https:\/\/www.donhighend.de\/index.php?rest_route=\/wp\/v2\/types\/page"}],"author":[{"embeddable":true,"href":"https:\/\/www.donhighend.de\/index.php?rest_route=\/wp\/v2\/users\/1"}],"replies":[{"embeddable":true,"href":"https:\/\/www.donhighend.de\/index.php?rest_route=%2Fwp%2Fv2%2Fcomments&post=426"}],"version-history":[{"count":56,"href":"https:\/\/www.donhighend.de\/index.php?rest_route=\/wp\/v2\/pages\/426\/revisions"}],"predecessor-version":[{"id":11177,"href":"https:\/\/www.donhighend.de\/index.php?rest_route=\/wp\/v2\/pages\/426\/revisions\/11177"}],"up":[{"embeddable":true,"href":"https:\/\/www.donhighend.de\/index.php?rest_route=\/wp\/v2\/pages\/1709"}],"wp:featuredmedia":[{"embeddable":true,"href":"https:\/\/www.donhighend.de\/index.php?rest_route=\/wp\/v2\/media\/5116"}],"wp:attachment":[{"href":"https:\/\/www.donhighend.de\/index.php?rest_route=%2Fwp%2Fv2%2Fmedia&parent=426"}],"curies":[{"name":"wp","href":"https:\/\/api.w.org\/{rel}","templated":true}]}}